Last updated on 2025-05-10 12:49:50 CEST.
Flavor | Version | Tinstall | Tcheck | Ttotal | Status | Flags |
---|---|---|---|---|---|---|
r-devel-linux-x86_64-debian-clang | 0.2 | 3.58 | 31.36 | 34.94 | NOTE | |
r-devel-linux-x86_64-debian-gcc | 0.2 | 2.36 | 24.59 | 26.95 | NOTE | |
r-devel-linux-x86_64-fedora-clang | 0.2 | 54.20 | OK | |||
r-devel-linux-x86_64-fedora-gcc | 0.2 | 52.13 | OK | |||
r-devel-windows-x86_64 | 0.2 | 5.00 | 51.00 | 56.00 | NOTE | |
r-patched-linux-x86_64 | 0.2 | 3.68 | 29.84 | 33.52 | NOTE | |
r-release-linux-x86_64 | 0.2 | 3.66 | 29.96 | 33.62 | NOTE | |
r-release-macos-arm64 | 0.2 | 23.00 | OK | |||
r-release-macos-x86_64 | 0.2 | 35.00 | OK | |||
r-release-windows-x86_64 | 0.2 | 5.00 | 54.00 | 59.00 | NOTE | |
r-oldrel-macos-arm64 | 0.2 | 23.00 | OK | |||
r-oldrel-macos-x86_64 | 0.2 | 30.00 | OK | |||
r-oldrel-windows-x86_64 | 0.2 | 7.00 | 59.00 | 66.00 | OK |
Version: 0.2
Check: CRAN incoming feasibility
Result: NOTE
Maintainer: ‘J. Patrick Renschler <patrick.renschler@gmail.com>’
No Authors@R field in DESCRIPTION.
Please add one, modifying
Authors@R: person(given = c("J.", "Patrick"),
family = "Renschler",
role = c("aut", "cre"),
email = "patrick.renschler@gmail.com")
as necessary.
Flavors: r-devel-linux-x86_64-debian-clang, r-devel-linux-x86_64-debian-gcc
Version: 0.2
Check: Rd cross-references
Result: NOTE
Found the following Rd file(s) with Rd \link{} targets missing package
anchors:
webtool.Rd: runApp
Please provide package anchors for all Rd \link{} targets not in the
package itself and the base packages.
Flavors: r-devel-linux-x86_64-debian-clang, r-devel-linux-x86_64-debian-gcc, r-devel-windows-x86_64, r-patched-linux-x86_64, r-release-linux-x86_64, r-release-windows-x86_64