Last updated on 2025-05-10 12:49:50 CEST.
Flavor | Version | Tinstall | Tcheck | Ttotal | Status | Flags |
---|---|---|---|---|---|---|
r-devel-linux-x86_64-debian-clang | 1.2 | 4.85 | 19.70 | 24.55 | NOTE | |
r-devel-linux-x86_64-debian-gcc | 1.2 | 4.18 | 15.89 | 20.07 | NOTE | |
r-devel-linux-x86_64-fedora-clang | 1.2 | 37.61 | OK | |||
r-devel-linux-x86_64-fedora-gcc | 1.2 | 36.91 | OK | |||
r-devel-windows-x86_64 | 1.2 | 11.00 | 42.00 | 53.00 | OK | |
r-patched-linux-x86_64 | 1.2 | 4.75 | 19.03 | 23.78 | OK | |
r-release-linux-x86_64 | 1.2 | 4.49 | 19.46 | 23.95 | OK | |
r-release-macos-arm64 | 1.2 | 18.00 | OK | |||
r-release-macos-x86_64 | 1.2 | 32.00 | OK | |||
r-release-windows-x86_64 | 1.2 | 11.00 | 44.00 | 55.00 | OK | |
r-oldrel-macos-arm64 | 1.2 | 25.00 | OK | |||
r-oldrel-macos-x86_64 | 1.2 | 23.00 | OK | |||
r-oldrel-windows-x86_64 | 1.2 | 12.00 | 47.00 | 59.00 | OK |
Version: 1.2
Check: CRAN incoming feasibility
Result: NOTE
Maintainer: ‘Thorsten Pohlert <thorsten.pohlert@gmx.de>’
No Authors@R field in DESCRIPTION.
Please add one, modifying
Authors@R: person(given = "Thorsten",
family = "Pohlert",
role = c("aut", "cre"),
email = "thorsten.pohlert@gmx.de")
as necessary.
Flavors: r-devel-linux-x86_64-debian-clang, r-devel-linux-x86_64-debian-gcc