CRAN Package Check Results for Package powerGWASinteraction

Last updated on 2025-05-10 08:50:46 CEST.

Flavor Version Tinstall Tcheck Ttotal Status Flags
r-devel-linux-x86_64-debian-clang 1.1.3 2.62 20.90 23.52 NOTE
r-devel-linux-x86_64-debian-gcc 1.1.3 1.88 16.16 18.04 NOTE
r-devel-linux-x86_64-fedora-clang 1.1.3 36.94 OK
r-devel-linux-x86_64-fedora-gcc 1.1.3 35.06 OK
r-devel-windows-x86_64 1.1.3 3.00 48.00 51.00 OK
r-patched-linux-x86_64 1.1.3 2.63 20.00 22.63 OK
r-release-linux-x86_64 1.1.3 2.41 19.98 22.39 OK
r-release-macos-arm64 1.1.3 15.00 OK
r-release-macos-x86_64 1.1.3 25.00 OK
r-release-windows-x86_64 1.1.3 4.00 46.00 50.00 OK
r-oldrel-macos-arm64 1.1.3 21.00 OK
r-oldrel-macos-x86_64 1.1.3 21.00 OK
r-oldrel-windows-x86_64 1.1.3 4.00 43.00 47.00 OK

Check Details

Version: 1.1.3
Check: CRAN incoming feasibility
Result: NOTE Maintainer: ‘Charles Kooperberg <clk@fredhutch.org>’ No Authors@R field in DESCRIPTION. Please add one, modifying Authors@R: c(person(given = "Charles", family = "Kooperberg", role = c("aut", "cre"), email = "clk@fredhutch.org"), person(given = "Li", family = "Hsu", role = "aut", email = "lih@fredhutch.org")) as necessary. Flavors: r-devel-linux-x86_64-debian-clang, r-devel-linux-x86_64-debian-gcc