Last updated on 2025-05-10 12:49:50 CEST.
Flavor | Version | Tinstall | Tcheck | Ttotal | Status | Flags |
---|---|---|---|---|---|---|
r-devel-linux-x86_64-debian-clang | 1.1.3 | 74.21 | 129.29 | 203.50 | OK | |
r-devel-linux-x86_64-debian-gcc | 1.1.3 | 57.01 | 90.57 | 147.58 | OK | |
r-devel-linux-x86_64-fedora-clang | 1.1.3 | 385.71 | OK | |||
r-devel-linux-x86_64-fedora-gcc | 1.1.3 | 402.96 | OK | |||
r-devel-windows-x86_64 | 1.1.3 | 85.00 | 219.00 | 304.00 | OK | |
r-patched-linux-x86_64 | 1.1.3 | 78.23 | 126.23 | 204.46 | OK | |
r-release-linux-x86_64 | 1.1.3 | 78.53 | 124.49 | 203.02 | OK | |
r-release-macos-arm64 | 1.1.3 | 100.00 | OK | |||
r-release-macos-x86_64 | 1.1.3 | 153.00 | OK | |||
r-release-windows-x86_64 | 1.1.3 | 86.00 | 218.00 | 304.00 | OK | |
r-oldrel-macos-arm64 | 1.1.3 | 104.00 | NOTE | |||
r-oldrel-macos-x86_64 | 1.1.3 | 174.00 | NOTE | |||
r-oldrel-windows-x86_64 | 1.1.3 | 99.00 | 267.00 | 366.00 | OK |
Version: 1.1.3
Check: installed package size
Result: NOTE
installed size is 9.1Mb
sub-directories of 1Mb or more:
R 2.3Mb
libs 6.6Mb
Flavors: r-oldrel-macos-arm64, r-oldrel-macos-x86_64