CRAN Package Check Results for Package pointr

Last updated on 2025-11-06 15:50:16 CET.

Flavor Version Tinstall Tcheck Ttotal Status Flags
r-devel-linux-x86_64-debian-clang 0.2.0 1.67 19.62 21.29 OK
r-devel-linux-x86_64-debian-gcc 0.2.0 1.39 16.39 17.78 OK
r-devel-linux-x86_64-fedora-clang 0.2.0 30.22 OK
r-devel-linux-x86_64-fedora-gcc 0.2.0 28.38 OK
r-devel-windows-x86_64 0.2.0 4.00 37.00 41.00 OK
r-patched-linux-x86_64 0.2.0 1.72 17.69 19.41 OK
r-release-linux-x86_64 0.2.0 1.62 17.73 19.35 OK
r-release-macos-arm64 0.2.0 2.00 16.00 18.00 OK
r-release-macos-x86_64 0.2.0 2.00 21.00 23.00 OK
r-release-windows-x86_64 0.2.0 2.00 37.00 39.00 OK
r-oldrel-macos-arm64 0.2.0 1.00 14.00 15.00 NOTE
r-oldrel-macos-x86_64 0.2.0 1.00 19.00 20.00 NOTE
r-oldrel-windows-x86_64 0.2.0 4.00 42.00 46.00 NOTE

Check Details

Version: 0.2.0
Check: LazyData
Result: NOTE 'LazyData' is specified without a 'data' directory Flavors: r-oldrel-macos-arm64, r-oldrel-macos-x86_64, r-oldrel-windows-x86_64