Last updated on 2025-05-10 20:49:49 CEST.
Flavor | Version | Tinstall | Tcheck | Ttotal | Status | Flags |
---|---|---|---|---|---|---|
r-devel-linux-x86_64-debian-clang | 1.6.0.1 | 3.44 | 43.92 | 47.36 | NOTE | |
r-devel-linux-x86_64-debian-gcc | 1.6.0.1 | 2.67 | 32.46 | 35.13 | NOTE | |
r-devel-linux-x86_64-fedora-clang | 1.6.0.1 | 72.48 | NOTE | |||
r-devel-linux-x86_64-fedora-gcc | 1.6.0.1 | 72.04 | NOTE | |||
r-devel-windows-x86_64 | 1.6.0.1 | 5.00 | 71.00 | 76.00 | NOTE | |
r-patched-linux-x86_64 | 1.6.0.1 | 3.72 | 41.43 | 45.15 | NOTE | |
r-release-linux-x86_64 | 1.6.0.1 | 3.36 | 41.21 | 44.57 | NOTE | |
r-release-macos-arm64 | 1.6.0.1 | 27.00 | NOTE | |||
r-release-macos-x86_64 | 1.6.0.1 | 46.00 | NOTE | |||
r-release-windows-x86_64 | 1.6.0.1 | 6.00 | 72.00 | 78.00 | NOTE | |
r-oldrel-macos-arm64 | 1.6.0.1 | 25.00 | NOTE | |||
r-oldrel-macos-x86_64 | 1.6.0.1 | 38.00 | NOTE | |||
r-oldrel-windows-x86_64 | 1.6.0.1 | 8.00 | 81.00 | 89.00 | NOTE |
Version: 1.6.0.1
Check: CRAN incoming feasibility
Result: NOTE
Maintainer: ‘Drew Linzer <drew@votamatic.org>’
No Authors@R field in DESCRIPTION.
Please add one, modifying
Authors@R: c(person(given = "Drew",
family = "Linzer",
role = c("aut", "cre"),
email = "drew@votamatic.org"),
person(given = "Jeffrey",
family = "Lewis.",
role = "aut",
email = "jblewis@ucla.edu"))
as necessary.
Package CITATION file contains call(s) to old-style personList() or
as.personList(). Please use c() on person objects instead.
Package CITATION file contains call(s) to old-style citEntry(). Please
use bibentry() instead.
Flavors: r-devel-linux-x86_64-debian-clang, r-devel-linux-x86_64-debian-gcc
Version: 1.6.0.1
Check: Rd files
Result: NOTE
checkRd: (-1) carcinoma.Rd:8: Escaped LaTeX specials: \&
checkRd: (-1) poLCA.Rd:63: Escaped LaTeX specials: \&
checkRd: (-1) poLCA.Rd:69: Escaped LaTeX specials: \&
Flavors: r-devel-linux-x86_64-debian-clang, r-devel-linux-x86_64-debian-gcc, r-devel-linux-x86_64-fedora-clang, r-devel-linux-x86_64-fedora-gcc, r-devel-windows-x86_64, r-patched-linux-x86_64, r-release-linux-x86_64, r-release-macos-arm64, r-release-macos-x86_64, r-release-windows-x86_64, r-oldrel-macos-arm64, r-oldrel-macos-x86_64, r-oldrel-windows-x86_64