Last updated on 2025-05-10 04:51:50 CEST.
Flavor | Version | Tinstall | Tcheck | Ttotal | Status | Flags |
---|---|---|---|---|---|---|
r-devel-linux-x86_64-debian-clang | 1.0.3 | 39.20 | 313.02 | 352.22 | NOTE | |
r-devel-linux-x86_64-debian-gcc | 1.0.3 | 21.78 | 206.97 | 228.75 | NOTE | |
r-devel-linux-x86_64-fedora-clang | 1.0.3 | 542.62 | OK | |||
r-devel-linux-x86_64-fedora-gcc | 1.0.3 | 533.95 | OK | |||
r-devel-windows-x86_64 | 1.0.3 | 32.00 | 210.00 | 242.00 | NOTE | --no-vignettes |
r-patched-linux-x86_64 | 1.0.3 | 27.75 | 291.36 | 319.11 | NOTE | |
r-release-linux-x86_64 | 1.0.3 | 31.39 | 291.06 | 322.45 | NOTE | |
r-release-macos-arm64 | 1.0.3 | 131.00 | OK | |||
r-release-macos-x86_64 | 1.0.3 | 298.00 | OK | |||
r-release-windows-x86_64 | 1.0.3 | 32.00 | 238.00 | 270.00 | NOTE | --no-vignettes |
r-oldrel-macos-arm64 | 1.0.3 | 124.00 | OK | |||
r-oldrel-macos-x86_64 | 1.0.3 | 211.00 | OK | |||
r-oldrel-windows-x86_64 | 1.0.3 | 45.00 | 306.00 | 351.00 | OK | --no-vignettes |
Version: 1.0.3
Check: Rd cross-references
Result: NOTE
Found the following Rd file(s) with Rd \link{} targets missing package
anchors:
add_griddap.Rd: griddap
add_tabledap.Rd: tabledap
Please provide package anchors for all Rd \link{} targets not in the
package itself and the base packages.
Flavors: r-devel-linux-x86_64-debian-clang, r-devel-linux-x86_64-debian-gcc, r-patched-linux-x86_64, r-release-linux-x86_64
Version: 1.0.3
Flags: --no-vignettes
Check: Rd cross-references
Result: NOTE
Found the following Rd file(s) with Rd \link{} targets missing package
anchors:
add_griddap.Rd: griddap
add_tabledap.Rd: tabledap
Please provide package anchors for all Rd \link{} targets not in the
package itself and the base packages.
Flavors: r-devel-windows-x86_64, r-release-windows-x86_64