Last updated on 2025-07-21 12:50:11 CEST.
Flavor | Version | Tinstall | Tcheck | Ttotal | Status | Flags |
---|---|---|---|---|---|---|
r-devel-linux-x86_64-debian-clang | 0.1.5 | 3.78 | 42.44 | 46.22 | OK | |
r-devel-linux-x86_64-debian-gcc | 0.1.5 | 3.47 | 31.73 | 35.20 | OK | |
r-devel-linux-x86_64-fedora-clang | 0.1.5 | 69.71 | OK | |||
r-devel-linux-x86_64-fedora-gcc | 0.1.5 | 67.85 | OK | |||
r-devel-windows-x86_64 | 0.1.5 | 6.00 | 55.00 | 61.00 | OK | |
r-patched-linux-x86_64 | 0.1.5 | 4.43 | 38.27 | 42.70 | OK | |
r-release-linux-x86_64 | 0.1.5 | 4.94 | 38.27 | 43.21 | OK | |
r-release-macos-arm64 | 0.1.5 | 24.00 | OK | |||
r-release-macos-x86_64 | 0.1.5 | 36.00 | OK | |||
r-release-windows-x86_64 | 0.1.5 | 7.00 | 58.00 | 65.00 | OK | |
r-oldrel-macos-arm64 | 0.1.5 | 24.00 | NOTE | |||
r-oldrel-macos-x86_64 | 0.1.5 | 34.00 | NOTE | |||
r-oldrel-windows-x86_64 | 0.1.5 | 8.00 | 66.00 | 74.00 | NOTE |
Version: 0.1.5
Check: LazyData
Result: NOTE
'LazyData' is specified without a 'data' directory
Flavors: r-oldrel-macos-arm64, r-oldrel-macos-x86_64, r-oldrel-windows-x86_64