CRAN Package Check Results for Package play

Last updated on 2025-05-10 16:52:37 CEST.

Flavor Version Tinstall Tcheck Ttotal Status Flags
r-devel-linux-x86_64-debian-clang 0.1.3 6.59 63.16 69.75 NOTE
r-devel-linux-x86_64-debian-gcc 0.1.3 4.99 44.71 49.70 NOTE
r-devel-linux-x86_64-fedora-clang 0.1.3 101.59 NOTE
r-devel-linux-x86_64-fedora-gcc 0.1.3 101.80 NOTE
r-devel-windows-x86_64 0.1.3 9.00 72.00 81.00 NOTE
r-patched-linux-x86_64 0.1.3 6.06 57.48 63.54 NOTE
r-release-linux-x86_64 0.1.3 5.97 57.53 63.50 NOTE
r-release-macos-arm64 0.1.3 57.00 NOTE
r-release-macos-x86_64 0.1.3 57.00 NOTE
r-release-windows-x86_64 0.1.3 9.00 72.00 81.00 NOTE
r-oldrel-macos-arm64 0.1.3 30.00 OK
r-oldrel-macos-x86_64 0.1.3 46.00 OK
r-oldrel-windows-x86_64 0.1.3 11.00 88.00 99.00 OK

Check Details

Version: 0.1.3
Check: DESCRIPTION meta-information
Result: NOTE Missing dependency on R >= 4.1.0 because package code uses the pipe |> or function shorthand \(...) syntax added in R 4.1.0. File(s) using such syntax: ‘plot_season_form.R’ Flavors: r-devel-linux-x86_64-debian-clang, r-devel-linux-x86_64-debian-gcc, r-devel-linux-x86_64-fedora-clang, r-devel-linux-x86_64-fedora-gcc, r-devel-windows-x86_64, r-patched-linux-x86_64, r-release-linux-x86_64, r-release-macos-arm64, r-release-macos-x86_64, r-release-windows-x86_64