CRAN Package Check Results for Package pkgconfig

Last updated on 2025-05-10 16:52:37 CEST.

Flavor Version Tinstall Tcheck Ttotal Status Flags
r-devel-linux-x86_64-debian-clang 2.0.3 1.14 18.73 19.87 NOTE
r-devel-linux-x86_64-debian-gcc 2.0.3 1.17 15.57 16.74 NOTE
r-devel-linux-x86_64-fedora-clang 2.0.3 32.92 OK
r-devel-linux-x86_64-fedora-gcc 2.0.3 30.54 OK
r-devel-windows-x86_64 2.0.3 3.00 47.00 50.00 OK
r-patched-linux-x86_64 2.0.3 1.14 17.99 19.13 OK
r-release-linux-x86_64 2.0.3 1.14 18.12 19.26 OK
r-release-macos-arm64 2.0.3 17.00 OK
r-release-macos-x86_64 2.0.3 26.00 OK
r-release-windows-x86_64 2.0.3 4.00 49.00 53.00 OK
r-oldrel-macos-arm64 2.0.3 19.00 NOTE
r-oldrel-macos-x86_64 2.0.3 21.00 NOTE
r-oldrel-windows-x86_64 2.0.3 4.00 51.00 55.00 NOTE

Check Details

Version: 2.0.3
Check: CRAN incoming feasibility
Result: NOTE Maintainer: ‘Gábor Csárdi <csardi.gabor@gmail.com>’ No Authors@R field in DESCRIPTION. Please add one, modifying Authors@R: person(given = "Gábor", family = "Csárdi", role = c("aut", "cre"), email = "csardi.gabor@gmail.com") as necessary. Flavors: r-devel-linux-x86_64-debian-clang, r-devel-linux-x86_64-debian-gcc

Version: 2.0.3
Check: LazyData
Result: NOTE 'LazyData' is specified without a 'data' directory Flavors: r-oldrel-macos-arm64, r-oldrel-macos-x86_64, r-oldrel-windows-x86_64