Last updated on 2025-05-10 16:52:37 CEST.
Flavor | Version | Tinstall | Tcheck | Ttotal | Status | Flags |
---|---|---|---|---|---|---|
r-devel-linux-x86_64-debian-clang | 0.6.1.3 | 2.00 | 21.28 | 23.28 | NOTE | |
r-devel-linux-x86_64-debian-gcc | 0.6.1.3 | 1.41 | 17.14 | 18.55 | NOTE | |
r-devel-linux-x86_64-fedora-clang | 0.6.1.3 | 34.61 | OK | |||
r-devel-linux-x86_64-fedora-gcc | 0.6.1.3 | 32.21 | OK | |||
r-devel-windows-x86_64 | 0.6.1.3 | 3.00 | 43.00 | 46.00 | OK | |
r-patched-linux-x86_64 | 0.6.1.3 | 1.72 | 18.96 | 20.68 | OK | |
r-release-linux-x86_64 | 0.6.1.3 | 1.49 | 19.05 | 20.54 | OK | |
r-release-macos-arm64 | 0.6.1.3 | 18.00 | OK | |||
r-release-macos-x86_64 | 0.6.1.3 | 26.00 | OK | |||
r-release-windows-x86_64 | 0.6.1.3 | 2.00 | 46.00 | 48.00 | OK | |
r-oldrel-macos-arm64 | 0.6.1.3 | 23.00 | OK | |||
r-oldrel-macos-x86_64 | 0.6.1.3 | 27.00 | OK | |||
r-oldrel-windows-x86_64 | 0.6.1.3 | 4.00 | 46.00 | 50.00 | OK |
Version: 0.6.1.3
Check: CRAN incoming feasibility
Result: NOTE
Maintainer: ‘Kun Ren <ken@renkun.me>’
No Authors@R field in DESCRIPTION.
Please add one, modifying
Authors@R: person(given = "Kun",
family = "Ren",
role = c("aut", "cre"),
email = "ken@renkun.me")
as necessary.
Flavors: r-devel-linux-x86_64-debian-clang, r-devel-linux-x86_64-debian-gcc