Last updated on 2025-05-10 16:52:36 CEST.
Flavor | Version | Tinstall | Tcheck | Ttotal | Status | Flags |
---|---|---|---|---|---|---|
r-devel-linux-x86_64-debian-clang | 1.3 | 1.96 | 21.75 | 23.71 | NOTE | |
r-devel-linux-x86_64-debian-gcc | 1.3 | 1.59 | 17.66 | 19.25 | NOTE | |
r-devel-linux-x86_64-fedora-clang | 1.3 | 37.93 | OK | |||
r-devel-linux-x86_64-fedora-gcc | 1.3 | 36.29 | OK | |||
r-devel-windows-x86_64 | 1.3 | 4.00 | 49.00 | 53.00 | OK | |
r-patched-linux-x86_64 | 1.3 | 2.40 | 21.18 | 23.58 | OK | |
r-release-linux-x86_64 | 1.3 | 2.17 | 20.95 | 23.12 | OK | |
r-release-macos-arm64 | 1.3 | 31.00 | OK | |||
r-release-macos-x86_64 | 1.3 | 31.00 | OK | |||
r-release-windows-x86_64 | 1.3 | 3.00 | 51.00 | 54.00 | OK | |
r-oldrel-macos-arm64 | 1.3 | 15.00 | OK | |||
r-oldrel-macos-x86_64 | 1.3 | 26.00 | OK | |||
r-oldrel-windows-x86_64 | 1.3 | 4.00 | 53.00 | 57.00 | OK |
Version: 1.3
Check: CRAN incoming feasibility
Result: NOTE
Maintainer: ‘Daniel Beer <dlbeer@gmail.com>’
No Authors@R field in DESCRIPTION.
Please add one, modifying
Authors@R: c(person(given = "Daniel",
family = "Beer",
role = c("aut", "cre"),
email = "dlbeer@gmail.com"),
person(given = "Anusha",
family = "Beer",
role = "aut"))
as necessary.
Flavors: r-devel-linux-x86_64-debian-clang, r-devel-linux-x86_64-debian-gcc