CRAN Package Check Results for Package phylopath

Last updated on 2025-07-15 16:48:33 CEST.

Flavor Version Tinstall Tcheck Ttotal Status Flags
r-devel-linux-x86_64-debian-clang 1.3.0 4.52 95.30 99.82 NOTE
r-devel-linux-x86_64-debian-gcc 1.3.0 3.04 69.91 72.95 NOTE
r-devel-linux-x86_64-fedora-clang 1.3.0 142.97 OK
r-devel-linux-x86_64-fedora-gcc 1.3.0 144.37 OK
r-devel-windows-x86_64 1.3.0 6.00 89.00 95.00 NOTE
r-patched-linux-x86_64 1.3.0 4.31 91.54 95.85 NOTE
r-release-linux-x86_64 1.3.0 3.44 92.35 95.79 NOTE
r-release-macos-arm64 1.3.0 70.00 OK
r-release-macos-x86_64 1.3.0 126.00 OK
r-release-windows-x86_64 1.3.0 7.00 100.00 107.00 NOTE
r-oldrel-macos-arm64 1.3.0 46.00 OK
r-oldrel-macos-x86_64 1.3.0 116.00 OK
r-oldrel-windows-x86_64 1.3.0 8.00 110.00 118.00 OK

Check Details

Version: 1.3.0
Check: Rd cross-references
Result: NOTE Found the following Rd file(s) with Rd \link{} targets missing package anchors: plot.DAG.Rd: igraph Please provide package anchors for all Rd \link{} targets not in the package itself and the base packages. Flavors: r-devel-linux-x86_64-debian-clang, r-devel-linux-x86_64-debian-gcc, r-devel-windows-x86_64, r-patched-linux-x86_64, r-release-linux-x86_64, r-release-windows-x86_64