Last updated on 2025-05-10 20:49:48 CEST.
Flavor | Version | Tinstall | Tcheck | Ttotal | Status | Flags |
---|---|---|---|---|---|---|
r-devel-linux-x86_64-debian-clang | 1.0.9 | 10.60 | 60.51 | 71.11 | NOTE | |
r-devel-linux-x86_64-debian-gcc | 1.0.9 | 5.99 | 41.58 | 47.57 | NOTE | |
r-devel-linux-x86_64-fedora-clang | 1.0.9 | 110.19 | OK | |||
r-devel-linux-x86_64-fedora-gcc | 1.0.9 | 108.38 | OK | |||
r-devel-windows-x86_64 | 1.0.9 | 11.00 | 72.00 | 83.00 | OK | |
r-patched-linux-x86_64 | 1.0.9 | 9.73 | 57.47 | 67.20 | OK | |
r-release-linux-x86_64 | 1.0.9 | 9.03 | 58.05 | 67.08 | OK | |
r-release-macos-arm64 | 1.0.9 | 31.00 | OK | |||
r-release-macos-x86_64 | 1.0.9 | 55.00 | OK | |||
r-release-windows-x86_64 | 1.0.9 | 11.00 | 72.00 | 83.00 | OK | |
r-oldrel-macos-arm64 | 1.0.9 | 28.00 | OK | |||
r-oldrel-macos-x86_64 | 1.0.9 | 46.00 | OK | |||
r-oldrel-windows-x86_64 | 1.0.9 | 16.00 | 87.00 | 103.00 | OK |
Version: 1.0.9
Check: CRAN incoming feasibility
Result: NOTE
Maintainer: ‘Jun Yin <vivien.jyin@gmail.com>’
No Authors@R field in DESCRIPTION.
Please add one, modifying
Authors@R: c(person(given = "Jun",
family = "Yin",
role = c("aut", "cre"),
email = "vivien.jyin@gmail.com"),
person(given = "Yu",
family = "Du",
role = "aut"),
person(given = "Sumithra",
family = "Mandrekar",
role = "aut"))
as necessary.
Flavors: r-devel-linux-x86_64-debian-clang, r-devel-linux-x86_64-debian-gcc