Last updated on 2025-05-10 16:52:36 CEST.
Flavor | Version | Tinstall | Tcheck | Ttotal | Status | Flags |
---|---|---|---|---|---|---|
r-devel-linux-x86_64-debian-clang | 1.1 | 9.96 | 24.33 | 34.29 | NOTE | |
r-devel-linux-x86_64-debian-gcc | 1.1 | 6.76 | 19.43 | 26.19 | NOTE | |
r-devel-linux-x86_64-fedora-clang | 1.1 | 59.26 | OK | |||
r-devel-linux-x86_64-fedora-gcc | 1.1 | 58.27 | OK | |||
r-devel-windows-x86_64 | 1.1 | 12.00 | 72.00 | 84.00 | OK | |
r-patched-linux-x86_64 | 1.1 | 9.97 | 23.82 | 33.79 | OK | |
r-release-linux-x86_64 | 1.1 | 8.71 | 23.64 | 32.35 | OK | |
r-release-macos-arm64 | 1.1 | 24.00 | OK | |||
r-release-macos-x86_64 | 1.1 | 37.00 | OK | |||
r-release-windows-x86_64 | 1.1 | 12.00 | 75.00 | 87.00 | OK | |
r-oldrel-macos-arm64 | 1.1 | 27.00 | OK | |||
r-oldrel-macos-x86_64 | 1.1 | 36.00 | OK | |||
r-oldrel-windows-x86_64 | 1.1 | 13.00 | 81.00 | 94.00 | OK |
Version: 1.1
Check: CRAN incoming feasibility
Result: NOTE
Maintainer: ‘Daniel F. Schmidt <daniel.schmidt@monash.edu>’
Found the following \keyword or \concept entries
which likely give several index terms:
File ‘pgdraw-package.Rd’:
\keyword{distribution,}
Flavors: r-devel-linux-x86_64-debian-clang, r-devel-linux-x86_64-debian-gcc