Last updated on 2025-05-10 20:49:48 CEST.
Flavor | Version | Tinstall | Tcheck | Ttotal | Status | Flags |
---|---|---|---|---|---|---|
r-devel-linux-x86_64-debian-clang | 0.5.1 | 2.06 | 29.59 | 31.65 | NOTE | |
r-devel-linux-x86_64-debian-gcc | 0.5.1 | 1.62 | 22.60 | 24.22 | NOTE | |
r-devel-linux-x86_64-fedora-clang | 0.5.1 | 51.68 | NOTE | |||
r-devel-linux-x86_64-fedora-gcc | 0.5.1 | 48.38 | NOTE | |||
r-devel-windows-x86_64 | 0.5.1 | 3.00 | 55.00 | 58.00 | NOTE | |
r-patched-linux-x86_64 | 0.5.1 | 2.18 | 28.24 | 30.42 | NOTE | |
r-release-linux-x86_64 | 0.5.1 | 2.05 | 28.58 | 30.63 | NOTE | |
r-release-macos-arm64 | 0.5.1 | 23.00 | NOTE | |||
r-release-macos-x86_64 | 0.5.1 | 45.00 | NOTE | |||
r-release-windows-x86_64 | 0.5.1 | 3.00 | 52.00 | 55.00 | NOTE | |
r-oldrel-macos-arm64 | 0.5.1 | 20.00 | OK | |||
r-oldrel-macos-x86_64 | 0.5.1 | 42.00 | OK | |||
r-oldrel-windows-x86_64 | 0.5.1 | 4.00 | 59.00 | 63.00 | OK |
Version: 0.5.1
Check: DESCRIPTION meta-information
Result: NOTE
Missing dependency on R >= 4.1.0 because package code uses the pipe
|> or function shorthand \(...) syntax added in R 4.1.0.
File(s) using such syntax:
‘cv_pensynth.R’
Flavors: r-devel-linux-x86_64-debian-clang, r-devel-linux-x86_64-debian-gcc, r-devel-linux-x86_64-fedora-clang, r-devel-linux-x86_64-fedora-gcc, r-devel-windows-x86_64, r-patched-linux-x86_64, r-release-linux-x86_64, r-release-macos-arm64, r-release-macos-x86_64, r-release-windows-x86_64