Last updated on 2025-05-10 16:52:36 CEST.
Flavor | Version | Tinstall | Tcheck | Ttotal | Status | Flags |
---|---|---|---|---|---|---|
r-devel-linux-x86_64-debian-clang | 0.1.0 | 1.95 | 18.77 | 20.72 | NOTE | |
r-devel-linux-x86_64-debian-gcc | 0.1.0 | 1.49 | 15.64 | 17.13 | NOTE | |
r-devel-linux-x86_64-fedora-clang | 0.1.0 | 32.43 | OK | |||
r-devel-linux-x86_64-fedora-gcc | 0.1.0 | 31.43 | OK | |||
r-devel-windows-x86_64 | 0.1.0 | 2.00 | 43.00 | 45.00 | OK | |
r-patched-linux-x86_64 | 0.1.0 | 1.89 | 18.33 | 20.22 | OK | |
r-release-linux-x86_64 | 0.1.0 | 1.82 | 18.28 | 20.10 | OK | |
r-release-macos-arm64 | 0.1.0 | 15.00 | OK | |||
r-release-macos-x86_64 | 0.1.0 | 23.00 | OK | |||
r-release-windows-x86_64 | 0.1.0 | 4.00 | 42.00 | 46.00 | OK | |
r-oldrel-macos-arm64 | 0.1.0 | 15.00 | OK | |||
r-oldrel-macos-x86_64 | 0.1.0 | 20.00 | OK | |||
r-oldrel-windows-x86_64 | 0.1.0 | 3.00 | 46.00 | 49.00 | OK |
Version: 0.1.0
Check: CRAN incoming feasibility
Result: NOTE
Maintainer: ‘Daniele Cuntrera <daniele.cuntrera@unipa.it>’
The Description field contains
Muggeo, V. M. (2022) <arXiv:2212.08582>.
Please refer to arXiv e-prints via their arXiv DOI <doi:10.48550/arXiv.YYMM.NNNNN>.
Flavors: r-devel-linux-x86_64-debian-clang, r-devel-linux-x86_64-debian-gcc