Last updated on 2025-10-19 17:49:31 CEST.
Flavor | Version | Tinstall | Tcheck | Ttotal | Status | Flags |
---|---|---|---|---|---|---|
r-devel-linux-x86_64-debian-clang | 4.1 | 17.87 | 253.78 | 271.65 | OK | |
r-devel-linux-x86_64-debian-gcc | 4.1 | 13.24 | 173.60 | 186.84 | OK | |
r-devel-linux-x86_64-fedora-clang | 4.1 | 400.48 | OK | |||
r-devel-linux-x86_64-fedora-gcc | 4.1 | 391.40 | OK | |||
r-devel-windows-x86_64 | 4.1 | 19.00 | 235.00 | 254.00 | OK | |
r-patched-linux-x86_64 | 4.1 | 16.94 | 212.09 | 229.03 | OK | |
r-release-linux-x86_64 | 4.1 | 16.54 | 213.84 | 230.38 | OK | |
r-release-macos-arm64 | 4.1 | 5.00 | ERROR | |||
r-release-macos-x86_64 | 4.1 | 6.00 | ERROR | |||
r-release-windows-x86_64 | 4.1 | 21.00 | 209.00 | 230.00 | OK | |
r-oldrel-macos-arm64 | 4.1 | 9.00 | ERROR | |||
r-oldrel-macos-x86_64 | 4.1 | 12.00 | ERROR | |||
r-oldrel-windows-x86_64 | 4.1 | 23.00 | 9.00 | 32.00 | ERROR |
Version: 4.1
Check: package dependencies
Result: ERROR
Package required but not available: ‘Pedixplorer’
See section ‘The DESCRIPTION file’ in the ‘Writing R Extensions’
manual.
Flavors: r-release-macos-arm64, r-release-macos-x86_64, r-oldrel-macos-arm64, r-oldrel-macos-x86_64
Version: 4.1
Check: whether package can be installed
Result: ERROR
Installation failed.
Flavor: r-oldrel-windows-x86_64