Last updated on 2025-05-10 16:52:36 CEST.
Flavor | Version | Tinstall | Tcheck | Ttotal | Status | Flags |
---|---|---|---|---|---|---|
r-devel-linux-x86_64-debian-clang | 1.2.2 | 5.70 | 70.91 | 76.61 | NOTE | |
r-devel-linux-x86_64-debian-gcc | 1.2.2 | 3.61 | 53.15 | 56.76 | NOTE | |
r-devel-linux-x86_64-fedora-clang | 1.2.2 | 114.65 | OK | |||
r-devel-linux-x86_64-fedora-gcc | 1.2.2 | 129.11 | OK | |||
r-devel-windows-x86_64 | 1.2.2 | 8.00 | 89.00 | 97.00 | OK | |
r-patched-linux-x86_64 | 1.2.2 | 5.42 | 68.07 | 73.49 | OK | |
r-release-linux-x86_64 | 1.2.2 | 5.39 | 67.73 | 73.12 | OK | |
r-release-macos-arm64 | 1.2.2 | 42.00 | OK | |||
r-release-macos-x86_64 | 1.2.2 | 72.00 | OK | |||
r-release-windows-x86_64 | 1.2.2 | 8.00 | 88.00 | 96.00 | OK | |
r-oldrel-macos-arm64 | 1.2.2 | 38.00 | OK | |||
r-oldrel-macos-x86_64 | 1.2.2 | 63.00 | OK | |||
r-oldrel-windows-x86_64 | 1.2.2 | 10.00 | 111.00 | 121.00 | OK |
Version: 1.2.2
Check: CRAN incoming feasibility
Result: NOTE
Maintainer: ‘Mahmoud Ahmed <mahmoud.s.fahmy@students.kasralainy.edu.eg>’
Package CITATION file contains call(s) to old-style personList() or
as.personList(). Please use c() on person objects instead.
Package CITATION file contains call(s) to old-style citEntry(). Please
use bibentry() instead.
Flavors: r-devel-linux-x86_64-debian-clang, r-devel-linux-x86_64-debian-gcc