Last updated on 2025-05-10 16:52:36 CEST.
Flavor | Version | Tinstall | Tcheck | Ttotal | Status | Flags |
---|---|---|---|---|---|---|
r-devel-linux-x86_64-debian-clang | 0.1.8 | 42.24 | 278.10 | 320.34 | OK | |
r-devel-linux-x86_64-debian-gcc | 0.1.8 | 27.59 | 205.35 | 232.94 | OK | |
r-devel-linux-x86_64-fedora-clang | 0.1.8 | 549.50 | OK | |||
r-devel-linux-x86_64-fedora-gcc | 0.1.8 | 529.66 | OK | |||
r-devel-windows-x86_64 | 0.1.8 | 33.00 | 333.00 | 366.00 | OK | |
r-patched-linux-x86_64 | 0.1.8 | 51.63 | 263.76 | 315.39 | OK | |
r-release-linux-x86_64 | 0.1.8 | 36.54 | 261.27 | 297.81 | OK | |
r-release-macos-arm64 | 0.1.8 | 191.00 | OK | |||
r-release-macos-x86_64 | 0.1.8 | 355.00 | OK | |||
r-release-windows-x86_64 | 0.1.8 | 37.00 | 305.00 | 342.00 | OK | |
r-oldrel-macos-arm64 | 0.1.8 | 199.00 | NOTE | |||
r-oldrel-macos-x86_64 | 0.1.8 | 369.00 | NOTE | |||
r-oldrel-windows-x86_64 | 0.1.8 | 49.00 | 369.00 | 418.00 | OK |
Version: 0.1.8
Check: installed package size
Result: NOTE
installed size is 5.4Mb
sub-directories of 1Mb or more:
R 2.0Mb
doc 1.7Mb
help 1.4Mb
Flavors: r-oldrel-macos-arm64, r-oldrel-macos-x86_64