CRAN Package Check Results for Package patternize

Last updated on 2025-07-27 08:48:36 CEST.

Flavor Version Tinstall Tcheck Ttotal Status Flags
r-devel-linux-x86_64-debian-clang 0.0.5 51.05 364.05 415.10 NOTE
r-devel-linux-x86_64-debian-gcc 0.0.5 35.07 238.94 274.01 NOTE
r-devel-linux-x86_64-fedora-clang 0.0.5 602.68 NOTE
r-devel-linux-x86_64-fedora-gcc 0.0.5 590.21 NOTE
r-devel-windows-x86_64 0.0.5 48.00 292.00 340.00 NOTE
r-patched-linux-x86_64 0.0.5 52.54 345.33 397.87 NOTE
r-release-linux-x86_64 0.0.5 46.23 344.26 390.49 NOTE
r-release-macos-arm64 0.0.5 137.00 NOTE
r-release-macos-x86_64 0.0.5 464.00 NOTE
r-release-windows-x86_64 0.0.5 46.00 289.00 335.00 NOTE
r-oldrel-macos-arm64 0.0.5 116.00 NOTE
r-oldrel-macos-x86_64 0.0.5 378.00 NOTE
r-oldrel-windows-x86_64 0.0.5 68.00 410.00 478.00 NOTE

Check Details

Version: 0.0.5
Check: Rd files
Result: NOTE checkRd: (-1) plotHeat.Rd:113: Lost braces 113 | code{\link[patternize]{patPCA}}, as 'one' when visualizing single image or as 'multi' for multi | ^ Flavors: r-devel-linux-x86_64-debian-clang, r-devel-linux-x86_64-debian-gcc, r-devel-linux-x86_64-fedora-clang, r-devel-linux-x86_64-fedora-gcc, r-devel-windows-x86_64, r-patched-linux-x86_64, r-release-linux-x86_64, r-release-macos-arm64, r-release-macos-x86_64, r-release-windows-x86_64, r-oldrel-macos-arm64, r-oldrel-macos-x86_64, r-oldrel-windows-x86_64