Last updated on 2025-05-10 16:52:36 CEST.
Flavor | Version | Tinstall | Tcheck | Ttotal | Status | Flags |
---|---|---|---|---|---|---|
r-devel-linux-x86_64-debian-clang | 0.1.0 | 2.88 | 114.19 | 117.07 | ERROR | |
r-devel-linux-x86_64-debian-gcc | 0.1.0 | 2.01 | 75.48 | 77.49 | ERROR | |
r-devel-linux-x86_64-fedora-clang | 0.1.0 | 181.53 | ERROR | |||
r-devel-linux-x86_64-fedora-gcc | 0.1.0 | 197.09 | ERROR | |||
r-devel-windows-x86_64 | 0.1.0 | 5.00 | 112.00 | 117.00 | NOTE | |
r-patched-linux-x86_64 | 0.1.0 | 2.58 | 102.40 | 104.98 | ERROR | |
r-release-linux-x86_64 | 0.1.0 | 2.80 | 103.34 | 106.14 | NOTE | |
r-release-macos-arm64 | 0.1.0 | 78.00 | NOTE | |||
r-release-macos-x86_64 | 0.1.0 | 140.00 | NOTE | |||
r-release-windows-x86_64 | 0.1.0 | 5.00 | 110.00 | 115.00 | NOTE | |
r-oldrel-macos-arm64 | 0.1.0 | 64.00 | OK | |||
r-oldrel-macos-x86_64 | 0.1.0 | 161.00 | OK | |||
r-oldrel-windows-x86_64 | 0.1.0 | 5.00 | 144.00 | 149.00 | OK |
Version: 0.1.0
Check: DESCRIPTION meta-information
Result: NOTE
Missing dependency on R >= 4.1.0 because package code uses the pipe
|> or function shorthand \(...) syntax added in R 4.1.0.
File(s) using such syntax:
‘geom_parttree.Rd’ ‘parttree.Rd’ ‘plot.parttree.Rd’
Flavors: r-devel-linux-x86_64-debian-clang, r-devel-linux-x86_64-debian-gcc, r-devel-linux-x86_64-fedora-clang, r-devel-linux-x86_64-fedora-gcc, r-devel-windows-x86_64, r-patched-linux-x86_64, r-release-linux-x86_64, r-release-macos-arm64, r-release-macos-x86_64, r-release-windows-x86_64
Version: 0.1.0
Check: tests
Result: ERROR
Running ‘tinytest.R’ [4s/5s]
Running the tests in ‘tests/tinytest.R’ failed.
Complete output:
>
> if ( requireNamespace("tinytest", quietly=TRUE) ){
+ Sys.setenv("OMP_THREAD_LIMIT" = 2) # https://github.com/Rdatatable/data.table/issues/5658
+ tinytest::test_package("parttree")
+ }
test_ctree.R.................. 0 tests Loading required package: partykit
Loading required package: grid
Loading required package: libcoin
Loading required package: mvtnorm
test_ctree.R.................. 1 tests <1b>[0;32mOK<1b>[0m <1b>[0;34m2.1s<1b>[0m
Loading required package: mlr3
test_mlr3.R................... 2 tests <1b>[0;32mOK<1b>[0m <1b>[0;34m0.9s<1b>[0m
test_rpart.R.................. 0 tests
test_rpart.R.................. 0 tests
test_rpart.R.................. 0 tests
test_rpart.R.................. 0 tests
test_rpart.R.................. 0 tests
test_rpart.R.................. 0 tests Error in plot.new() :
could not open file '_tinysnapshot_review/iris_classification.png'
Calls: <Anonymous> ... expect_equivalent_images -> plot -> plot.raster -> plot.new
Execution halted
Flavor: r-devel-linux-x86_64-debian-clang
Version: 0.1.0
Check: tests
Result: ERROR
Running ‘tinytest.R’ [3s/3s]
Running the tests in ‘tests/tinytest.R’ failed.
Complete output:
>
> if ( requireNamespace("tinytest", quietly=TRUE) ){
+ Sys.setenv("OMP_THREAD_LIMIT" = 2) # https://github.com/Rdatatable/data.table/issues/5658
+ tinytest::test_package("parttree")
+ }
test_ctree.R.................. 0 tests Loading required package: partykit
Loading required package: grid
Loading required package: libcoin
Loading required package: mvtnorm
test_ctree.R.................. 1 tests <1b>[0;32mOK<1b>[0m <1b>[0;34m1.2s<1b>[0m
Loading required package: mlr3
test_mlr3.R................... 2 tests <1b>[0;32mOK<1b>[0m <1b>[0;34m0.5s<1b>[0m
test_rpart.R.................. 0 tests
test_rpart.R.................. 0 tests
test_rpart.R.................. 0 tests
test_rpart.R.................. 0 tests
test_rpart.R.................. 0 tests
test_rpart.R.................. 0 tests Error in plot.new() :
could not open file '_tinysnapshot_review/iris_classification.png'
Calls: <Anonymous> ... expect_equivalent_images -> plot -> plot.raster -> plot.new
Execution halted
Flavor: r-devel-linux-x86_64-debian-gcc
Version: 0.1.0
Check: tests
Result: ERROR
Running ‘tinytest.R’ [8s/24s]
Running the tests in ‘tests/tinytest.R’ failed.
Complete output:
>
> if ( requireNamespace("tinytest", quietly=TRUE) ){
+ Sys.setenv("OMP_THREAD_LIMIT" = 2) # https://github.com/Rdatatable/data.table/issues/5658
+ tinytest::test_package("parttree")
+ }
test_ctree.R.................. 0 tests Loading required package: partykit
Loading required package: grid
Loading required package: libcoin
Loading required package: mvtnorm
test_ctree.R.................. 1 tests <1b>[0;32mOK<1b>[0m <1b>[0;34m9.1s<1b>[0m
Loading required package: mlr3
test_mlr3.R................... 2 tests <1b>[0;32mOK<1b>[0m <1b>[0;34m4.0s<1b>[0m
test_rpart.R.................. 0 tests
test_rpart.R.................. 0 tests
test_rpart.R.................. 0 tests
test_rpart.R.................. 0 tests
test_rpart.R.................. 0 tests
test_rpart.R.................. 0 tests OMP: Warning #96: Cannot form a team with 3 threads, using 2 instead.
OMP: Hint Consider unsetting KMP_DEVICE_THREAD_LIMIT (KMP_ALL_THREADS), KMP_TEAMS_THREAD_LIMIT, and OMP_THREAD_LIMIT (if any are set).
test_rpart.R.................. 1 tests <1b>[0;31m1 fails<1b>[0m
test_rpart.R.................. 1 tests <1b>[0;31m1 fails<1b>[0m
test_rpart.R.................. 1 tests <1b>[0;31m1 fails<1b>[0m
test_rpart.R.................. 2 tests <1b>[0;31m1 fails<1b>[0m
test_rpart.R.................. 3 tests <1b>[0;31m1 fails<1b>[0m
test_rpart.R.................. 3 tests <1b>[0;31m1 fails<1b>[0m
test_rpart.R.................. 3 tests <1b>[0;31m1 fails<1b>[0m
test_rpart.R.................. 3 tests <1b>[0;31m1 fails<1b>[0m
test_rpart.R.................. 4 tests <1b>[0;31m2 fails<1b>[0m
test_rpart.R.................. 4 tests <1b>[0;31m2 fails<1b>[0m
test_rpart.R.................. 4 tests <1b>[0;31m2 fails<1b>[0m
test_rpart.R.................. 5 tests <1b>[0;31m2 fails<1b>[0m
test_rpart.R.................. 5 tests <1b>[0;31m2 fails<1b>[0m
test_rpart.R.................. 5 tests <1b>[0;31m2 fails<1b>[0m
test_rpart.R.................. 5 tests <1b>[0;31m2 fails<1b>[0m
test_rpart.R.................. 5 tests <1b>[0;31m2 fails<1b>[0m
test_rpart.R.................. 6 tests <1b>[0;31m3 fails<1b>[0m
test_rpart.R.................. 6 tests <1b>[0;31m3 fails<1b>[0m
test_rpart.R.................. 6 tests <1b>[0;31m3 fails<1b>[0m
test_rpart.R.................. 7 tests <1b>[0;31m3 fails<1b>[0m <1b>[0;34m6.9s<1b>[0m
test_tidymodels.R............. 0 tests Loading required package: tidymodels
test_tidymodels.R............. 0 tests
test_tidymodels.R............. 0 tests Loading required package: tidymodels
test_tidymodels.R............. 0 tests <1b>[0;36m10ms<1b>[0m
----- FAILED[]: test_rpart.R<18--18>
call| expect_snapshot_plot(f, label = "iris_classification")
diff| 230
info| Diff plot saved to: _tinysnapshot_review/iris_classification.png
----- FAILED[]: test_rpart.R<52--52>
call| expect_snapshot_plot(f, label = "iris_classification_flip")
diff| 283
info| Diff plot saved to: _tinysnapshot_review/iris_classification_flip.png
----- FAILED[]: test_rpart.R<71--71>
call| expect_snapshot_plot(f, label = "iris_regression")
diff| 7854
info| Diff plot saved to: _tinysnapshot_review/iris_regression.png
Error: 3 out of 10 tests failed
In addition: Warning messages:
1: In library(package, lib.loc = lib.loc, character.only = TRUE, logical.return = TRUE, :
there is no package called 'tidymodels'
2: In library(package, lib.loc = lib.loc, character.only = TRUE, logical.return = TRUE, :
there is no package called 'tidymodels'
Execution halted
Flavor: r-devel-linux-x86_64-fedora-clang
Version: 0.1.0
Check: tests
Result: ERROR
Running ‘tinytest.R’ [13s/36s]
Running the tests in ‘tests/tinytest.R’ failed.
Complete output:
>
> if ( requireNamespace("tinytest", quietly=TRUE) ){
+ Sys.setenv("OMP_THREAD_LIMIT" = 2) # https://github.com/Rdatatable/data.table/issues/5658
+ tinytest::test_package("parttree")
+ }
test_ctree.R.................. 0 tests Loading required package: partykit
Loading required package: grid
Loading required package: libcoin
Loading required package: mvtnorm
test_ctree.R.................. 1 tests <1b>[0;32mOK<1b>[0m <1b>[0;34m5.3s<1b>[0m
Loading required package: mlr3
test_mlr3.R................... 2 tests <1b>[0;32mOK<1b>[0m <1b>[0;34m1.9s<1b>[0m
test_rpart.R.................. 0 tests
test_rpart.R.................. 0 tests
test_rpart.R.................. 0 tests
test_rpart.R.................. 0 tests
test_rpart.R.................. 0 tests
test_rpart.R.................. 0 tests
test_rpart.R.................. 1 tests <1b>[0;31m1 fails<1b>[0m
test_rpart.R.................. 1 tests <1b>[0;31m1 fails<1b>[0m
test_rpart.R.................. 1 tests <1b>[0;31m1 fails<1b>[0m
test_rpart.R.................. 2 tests <1b>[0;31m1 fails<1b>[0m
test_rpart.R.................. 3 tests <1b>[0;31m1 fails<1b>[0m
test_rpart.R.................. 3 tests <1b>[0;31m1 fails<1b>[0m
test_rpart.R.................. 3 tests <1b>[0;31m1 fails<1b>[0m
test_rpart.R.................. 3 tests <1b>[0;31m1 fails<1b>[0m
test_rpart.R.................. 4 tests <1b>[0;31m2 fails<1b>[0m
test_rpart.R.................. 4 tests <1b>[0;31m2 fails<1b>[0m
test_rpart.R.................. 4 tests <1b>[0;31m2 fails<1b>[0m
test_rpart.R.................. 5 tests <1b>[0;31m2 fails<1b>[0m
test_rpart.R.................. 5 tests <1b>[0;31m2 fails<1b>[0m
test_rpart.R.................. 5 tests <1b>[0;31m2 fails<1b>[0m
test_rpart.R.................. 5 tests <1b>[0;31m2 fails<1b>[0m
test_rpart.R.................. 5 tests <1b>[0;31m2 fails<1b>[0m
test_rpart.R.................. 6 tests <1b>[0;31m3 fails<1b>[0m
test_rpart.R.................. 6 tests <1b>[0;31m3 fails<1b>[0m
test_rpart.R.................. 6 tests <1b>[0;31m3 fails<1b>[0m
test_rpart.R.................. 7 tests <1b>[0;31m3 fails<1b>[0m <1b>[0;34m9.7s<1b>[0m
test_tidymodels.R............. 0 tests Loading required package: tidymodels
── Attaching packages ────────────────────────────────────── tidymodels 1.3.0 ──
✔ broom 1.0.8 ✔ recipes 1.3.0
✔ dials 1.4.0 ✔ rsample 1.3.0
✔ dplyr 1.1.4 ✔ tibble 3.2.1
✔ ggplot2 3.5.2 ✔ tidyr 1.3.1
✔ infer 1.0.8 ✔ tune 1.3.0
✔ modeldata 1.4.0 ✔ workflows 1.2.0
✔ parsnip 1.3.1 ✔ workflowsets 1.1.0
✔ purrr 1.0.4 ✔ yardstick 1.3.2
── Conflicts ───────────────────────────────────────── tidymodels_conflicts() ──
✖ purrr::discard() masks scales::discard()
✖ dplyr::filter() masks stats::filter()
✖ dplyr::lag() masks stats::lag()
✖ recipes::step() masks stats::step()
test_tidymodels.R............. 2 tests <1b>[0;32mOK<1b>[0m
test_tidymodels.R............. 2 tests <1b>[0;32mOK<1b>[0m
test_tidymodels.R............. 4 tests <1b>[0;32mOK<1b>[0m <1b>[0;34m15.7s<1b>[0m
----- FAILED[]: test_rpart.R<18--18>
call| expect_snapshot_plot(f, label = "iris_classification")
diff| 230
info| Diff plot saved to: _tinysnapshot_review/iris_classification.png
----- FAILED[]: test_rpart.R<52--52>
call| expect_snapshot_plot(f, label = "iris_classification_flip")
diff| 283
info| Diff plot saved to: _tinysnapshot_review/iris_classification_flip.png
----- FAILED[]: test_rpart.R<71--71>
call| expect_snapshot_plot(f, label = "iris_regression")
diff| 7854
info| Diff plot saved to: _tinysnapshot_review/iris_regression.png
Error: 3 out of 14 tests failed
Execution halted
Flavor: r-devel-linux-x86_64-fedora-gcc
Version: 0.1.0
Check: tests
Result: ERROR
Running ‘tinytest.R’ [4s/5s]
Running the tests in ‘tests/tinytest.R’ failed.
Complete output:
>
> if ( requireNamespace("tinytest", quietly=TRUE) ){
+ Sys.setenv("OMP_THREAD_LIMIT" = 2) # https://github.com/Rdatatable/data.table/issues/5658
+ tinytest::test_package("parttree")
+ }
test_ctree.R.................. 0 tests Loading required package: partykit
Loading required package: grid
Loading required package: libcoin
Loading required package: mvtnorm
test_ctree.R.................. 1 tests <1b>[0;32mOK<1b>[0m <1b>[0;34m1.9s<1b>[0m
Loading required package: mlr3
test_mlr3.R................... 2 tests <1b>[0;32mOK<1b>[0m <1b>[0;34m0.7s<1b>[0m
test_rpart.R.................. 0 tests
test_rpart.R.................. 0 tests
test_rpart.R.................. 0 tests
test_rpart.R.................. 0 tests
test_rpart.R.................. 0 tests
test_rpart.R.................. 0 tests Error in plot.new() :
could not open file '_tinysnapshot_review/iris_classification.png'
Calls: <Anonymous> ... expect_equivalent_images -> plot -> plot.raster -> plot.new
Execution halted
Flavor: r-patched-linux-x86_64