CRAN Package Check Results for Package parseRPDR

Last updated on 2025-07-15 09:51:31 CEST.

Flavor Version Tinstall Tcheck Ttotal Status Flags
r-devel-linux-x86_64-debian-clang 1.1.2 5.17 50.66 55.83 OK
r-devel-linux-x86_64-debian-gcc 1.1.2 2.86 35.42 38.28 OK
r-devel-linux-x86_64-fedora-clang 1.1.2 9.02 ERROR
r-devel-linux-x86_64-fedora-gcc 1.1.2 80.26 OK
r-devel-windows-x86_64 1.1.2 8.00 72.00 80.00 OK
r-patched-linux-x86_64 1.1.2 7.13 44.28 51.41 OK
r-release-linux-x86_64 1.1.2 5.61 45.26 50.87 OK
r-release-macos-arm64 1.1.2 28.00 OK
r-release-macos-x86_64 1.1.2 47.00 OK
r-release-windows-x86_64 1.1.2 7.00 82.00 89.00 OK
r-oldrel-macos-arm64 1.1.2 30.00 OK
r-oldrel-macos-x86_64 1.1.2 75.00 OK
r-oldrel-windows-x86_64 1.1.2 10.00 85.00 95.00 OK

Check Details

Version: 1.1.2
Check: whether package can be installed
Result: ERROR Installation failed. Flavor: r-devel-linux-x86_64-fedora-clang