Last updated on 2025-07-28 20:49:19 CEST.
Flavor | Version | Tinstall | Tcheck | Ttotal | Status | Flags |
---|---|---|---|---|---|---|
r-devel-linux-x86_64-debian-clang | 0.7.8 | 17.43 | 258.07 | 275.50 | NOTE | |
r-devel-linux-x86_64-debian-gcc | 0.7.8 | 13.37 | 176.11 | 189.48 | NOTE | |
r-devel-linux-x86_64-fedora-clang | 0.7.8 | 414.87 | OK | |||
r-devel-linux-x86_64-fedora-gcc | 0.7.8 | 430.12 | OK | |||
r-devel-windows-x86_64 | 0.7.8 | 18.00 | 238.00 | 256.00 | OK | |
r-patched-linux-x86_64 | 0.7.8 | 16.09 | 242.13 | 258.22 | OK | |
r-release-linux-x86_64 | 0.7.8 | 15.63 | 238.74 | 254.37 | OK | |
r-release-macos-arm64 | 0.7.8 | 115.00 | OK | |||
r-release-macos-x86_64 | 0.7.8 | 237.00 | OK | |||
r-release-windows-x86_64 | 0.7.8 | 17.00 | 240.00 | 257.00 | OK | |
r-oldrel-macos-arm64 | 0.7.8 | 96.00 | OK | |||
r-oldrel-macos-x86_64 | 0.7.8 | 164.00 | OK | |||
r-oldrel-windows-x86_64 | 0.7.8 | 26.00 | 317.00 | 343.00 | OK |
Version: 0.7.8
Check: CRAN incoming feasibility
Result: NOTE
Maintainer: ‘Jacob A. Long <jacob.long@sc.edu>’
The BugReports field in DESCRIPTION has
https://github.com/jacob-long/panelr
which should likely be
https://github.com/jacob-long/panelr/issues
instead.
Flavors: r-devel-linux-x86_64-debian-clang, r-devel-linux-x86_64-debian-gcc