Last updated on 2025-05-10 16:52:36 CEST.
Flavor | Version | Tinstall | Tcheck | Ttotal | Status | Flags |
---|---|---|---|---|---|---|
r-devel-linux-x86_64-debian-clang | 0.9-1 | 6.82 | 56.69 | 63.51 | NOTE | |
r-devel-linux-x86_64-debian-gcc | 0.9-1 | 4.40 | 43.11 | 47.51 | NOTE | |
r-devel-linux-x86_64-fedora-clang | 0.9-1 | 103.08 | OK | |||
r-devel-linux-x86_64-fedora-gcc | 0.9-1 | 91.60 | OK | |||
r-devel-windows-x86_64 | 0.9-1 | 8.00 | 74.00 | 82.00 | OK | |
r-patched-linux-x86_64 | 0.9-1 | 5.56 | 54.66 | 60.22 | OK | |
r-release-linux-x86_64 | 0.9-1 | 6.09 | 54.15 | 60.24 | OK | |
r-release-macos-arm64 | 0.9-1 | 44.00 | OK | |||
r-release-macos-x86_64 | 0.9-1 | 77.00 | OK | |||
r-release-windows-x86_64 | 0.9-1 | 8.00 | 76.00 | 84.00 | OK | |
r-oldrel-macos-arm64 | 0.9-1 | 32.00 | OK | |||
r-oldrel-macos-x86_64 | 0.9-1 | 45.00 | OK | |||
r-oldrel-windows-x86_64 | 0.9-1 | 9.00 | 87.00 | 96.00 | OK |
Version: 0.9-1
Check: CRAN incoming feasibility
Result: NOTE
Maintainer: ‘Heidi Seibold <heidi@seibold.co>’
The Description field contains
found in Seibold, Hothorn, Zeileis (2016) <arXiv:1612.07498>. The
Please refer to arXiv e-prints via their arXiv DOI <doi:10.48550/arXiv.YYMM.NNNNN>.
Flavors: r-devel-linux-x86_64-debian-clang, r-devel-linux-x86_64-debian-gcc