CRAN Package Check Results for Package pafr

Last updated on 2025-05-10 20:49:48 CEST.

Flavor Version Tinstall Tcheck Ttotal Status Flags
r-devel-linux-x86_64-debian-clang 0.0.2 6.45 84.91 91.36 NOTE
r-devel-linux-x86_64-debian-gcc 0.0.2 4.32 60.16 64.48 NOTE
r-devel-linux-x86_64-fedora-clang 0.0.2 129.90 OK
r-devel-linux-x86_64-fedora-gcc 0.0.2 149.50 OK
r-devel-windows-x86_64 0.0.2 8.00 89.00 97.00 NOTE
r-patched-linux-x86_64 0.0.2 6.09 79.38 85.47 NOTE
r-release-linux-x86_64 0.0.2 5.60 79.61 85.21 NOTE
r-release-macos-arm64 0.0.2 55.00 OK
r-release-macos-x86_64 0.0.2 90.00 OK
r-release-windows-x86_64 0.0.2 7.00 91.00 98.00 NOTE
r-oldrel-macos-arm64 0.0.2 38.00 NOTE
r-oldrel-macos-x86_64 0.0.2 70.00 NOTE
r-oldrel-windows-x86_64 0.0.2 9.00 111.00 120.00 NOTE

Check Details

Version: 0.0.2
Check: Rd cross-references
Result: NOTE Found the following Rd file(s) with Rd \link{} targets missing package anchors: Gb_lab.Rd: ggplot2 plot_coverage.Rd: ggplot2 Please provide package anchors for all Rd \link{} targets not in the package itself and the base packages. Flavors: r-devel-linux-x86_64-debian-clang, r-devel-linux-x86_64-debian-gcc, r-devel-windows-x86_64, r-patched-linux-x86_64, r-release-linux-x86_64, r-release-windows-x86_64

Version: 0.0.2
Check: LazyData
Result: NOTE 'LazyData' is specified without a 'data' directory Flavors: r-oldrel-macos-arm64, r-oldrel-macos-x86_64, r-oldrel-windows-x86_64