Last updated on 2025-05-10 20:49:48 CEST.
Flavor | Version | Tinstall | Tcheck | Ttotal | Status | Flags |
---|---|---|---|---|---|---|
r-devel-linux-x86_64-debian-clang | 2.0 | 4.09 | 39.98 | 44.07 | NOTE | |
r-devel-linux-x86_64-debian-gcc | 2.0 | 2.39 | 28.61 | 31.00 | NOTE | |
r-devel-linux-x86_64-fedora-clang | 2.0 | 68.97 | OK | |||
r-devel-linux-x86_64-fedora-gcc | 2.0 | 65.29 | OK | |||
r-devel-windows-x86_64 | 2.0 | 5.00 | 58.00 | 63.00 | OK | |
r-patched-linux-x86_64 | 2.0 | 4.17 | 37.68 | 41.85 | OK | |
r-release-linux-x86_64 | 2.0 | 3.71 | 37.78 | 41.49 | OK | |
r-release-macos-arm64 | 2.0 | 22.00 | OK | |||
r-release-macos-x86_64 | 2.0 | 48.00 | OK | |||
r-release-windows-x86_64 | 2.0 | 5.00 | 60.00 | 65.00 | OK | |
r-oldrel-macos-arm64 | 2.0 | 24.00 | OK | |||
r-oldrel-macos-x86_64 | 2.0 | 40.00 | OK | |||
r-oldrel-windows-x86_64 | 2.0 | 6.00 | 68.00 | 74.00 | OK |
Version: 2.0
Check: CRAN incoming feasibility
Result: NOTE
Maintainer: ‘Pietro Coretto <pcoretto@unisa.it>’
Package CITATION file contains call(s) to old-style personList() or
as.personList(). Please use c() on person objects instead.
Package CITATION file contains call(s) to old-style citEntry(). Please
use bibentry() instead.
Flavors: r-devel-linux-x86_64-debian-clang, r-devel-linux-x86_64-debian-gcc