Last updated on 2025-05-10 16:52:36 CEST.
Flavor | Version | Tinstall | Tcheck | Ttotal | Status | Flags |
---|---|---|---|---|---|---|
r-devel-linux-x86_64-debian-clang | 0.2.0 | 2.37 | 29.67 | 32.04 | NOTE | |
r-devel-linux-x86_64-debian-gcc | 0.2.0 | 1.75 | 23.69 | 25.44 | NOTE | |
r-devel-linux-x86_64-fedora-clang | 0.2.0 | 50.59 | OK | |||
r-devel-linux-x86_64-fedora-gcc | 0.2.0 | 61.78 | OK | |||
r-devel-windows-x86_64 | 0.2.0 | 3.00 | 48.00 | 51.00 | OK | |
r-patched-linux-x86_64 | 0.2.0 | 2.02 | 28.48 | 30.50 | OK | |
r-release-linux-x86_64 | 0.2.0 | 2.45 | 28.35 | 30.80 | OK | |
r-release-macos-arm64 | 0.2.0 | 25.00 | OK | |||
r-release-macos-x86_64 | 0.2.0 | 44.00 | OK | |||
r-release-windows-x86_64 | 0.2.0 | 3.00 | 48.00 | 51.00 | OK | |
r-oldrel-macos-arm64 | 0.2.0 | 25.00 | OK | |||
r-oldrel-macos-x86_64 | 0.2.0 | 35.00 | OK | |||
r-oldrel-windows-x86_64 | 0.2.0 | 3.00 | 56.00 | 59.00 | OK |
Version: 0.2.0
Check: CRAN incoming feasibility
Result: NOTE
Maintainer: ‘Michael D. Sumner <mdsumner@gmail.com>’
Package CITATION file contains call(s) to old-style personList() or
as.personList(). Please use c() on person objects instead.
Package CITATION file contains call(s) to old-style citEntry(). Please
use bibentry() instead.
Flavors: r-devel-linux-x86_64-debian-clang, r-devel-linux-x86_64-debian-gcc