Last updated on 2024-05-19 12:53:53 CEST.
Flavor | Version | Tinstall | Tcheck | Ttotal | Status | Flags |
---|---|---|---|---|---|---|
r-devel-linux-x86_64-debian-clang | 4.9 | 2.58 | 21.82 | 24.40 | NOTE | |
r-devel-linux-x86_64-debian-gcc | 4.9 | 2.27 | 17.03 | 19.30 | NOTE | |
r-devel-linux-x86_64-fedora-clang | 4.9 | 31.53 | NOTE | |||
r-devel-linux-x86_64-fedora-gcc | 4.9 | 41.64 | NOTE | |||
r-devel-windows-x86_64 | 4.9 | 3.00 | 42.00 | 45.00 | NOTE | |
r-patched-linux-x86_64 | 4.9 | 7.10 | 21.48 | 28.58 | NOTE | |
r-release-linux-x86_64 | 4.9 | 2.51 | 21.61 | 24.12 | NOTE | |
r-release-macos-arm64 | 4.9 | 13.00 | NOTE | |||
r-release-windows-x86_64 | 4.9 | 4.00 | 42.00 | 46.00 | NOTE | |
r-oldrel-macos-arm64 | 4.9 | 14.00 | OK | |||
r-oldrel-macos-x86_64 | 4.9 | 17.00 | OK | |||
r-oldrel-windows-x86_64 | 4.9 | 4.00 | 45.00 | 49.00 | OK |
Version: 4.9
Check: Rd files
Result: NOTE
checkRd: (-1) distsumlpmin.Rd:69: Lost braces
69 | \code{Véase}{Vease} \enc{también}{tambien} \code{\link{distsummin}}, \code{\link{orloca.es-package}}, \code{\link{loca.p}} y \code{\link{distsum}}.
| ^
checkRd: (-1) distsummin.Rd:80: Lost braces
80 | \code{Véase}{Vease} \enc{también}{tambien} \code{\link{orloca.es-package}}, \code{\link{loca.p}} y \code{\link{distsum}}.
| ^
Flavors: r-devel-linux-x86_64-debian-clang, r-devel-linux-x86_64-debian-gcc, r-devel-linux-x86_64-fedora-clang, r-devel-linux-x86_64-fedora-gcc, r-devel-windows-x86_64, r-patched-linux-x86_64, r-release-linux-x86_64, r-release-macos-arm64, r-release-windows-x86_64