CRAN Package Check Results for Package optionstrat

Last updated on 2025-05-10 20:49:47 CEST.

Flavor Version Tinstall Tcheck Ttotal Status Flags
r-devel-linux-x86_64-debian-clang 1.4.1 2.88 26.96 29.84 NOTE
r-devel-linux-x86_64-debian-gcc 1.4.1 1.95 20.32 22.27 NOTE
r-devel-linux-x86_64-fedora-clang 1.4.1 48.35 OK
r-devel-linux-x86_64-fedora-gcc 1.4.1 59.31 OK
r-devel-windows-x86_64 1.4.1 3.00 50.00 53.00 OK
r-patched-linux-x86_64 1.4.1 3.18 25.63 28.81 OK
r-release-linux-x86_64 1.4.1 2.77 25.46 28.23 OK
r-release-macos-arm64 1.4.1 24.00 OK
r-release-macos-x86_64 1.4.1 43.00 OK
r-release-windows-x86_64 1.4.1 4.00 52.00 56.00 OK
r-oldrel-macos-arm64 1.4.1 25.00 NOTE
r-oldrel-macos-x86_64 1.4.1 32.00 NOTE
r-oldrel-windows-x86_64 1.4.1 4.00 60.00 64.00 NOTE

Check Details

Version: 1.4.1
Check: CRAN incoming feasibility
Result: NOTE Maintainer: ‘John T. Buynak <jbuynak94@gmail.com>’ No Authors@R field in DESCRIPTION. Please add one, modifying Authors@R: person(given = c("John", "T."), family = "Buynak", role = c("aut", "cre"), email = "jbuynak94@gmail.com") as necessary. Flavors: r-devel-linux-x86_64-debian-clang, r-devel-linux-x86_64-debian-gcc

Version: 1.4.1
Check: LazyData
Result: NOTE 'LazyData' is specified without a 'data' directory Flavors: r-oldrel-macos-arm64, r-oldrel-macos-x86_64, r-oldrel-windows-x86_64