Last updated on 2025-07-15 16:48:32 CEST.
Flavor | Version | Tinstall | Tcheck | Ttotal | Status | Flags |
---|---|---|---|---|---|---|
r-devel-linux-x86_64-debian-clang | 2.4 | 4.18 | 35.59 | 39.77 | NOTE | |
r-devel-linux-x86_64-debian-gcc | 2.4 | 2.55 | 27.37 | 29.92 | NOTE | |
r-devel-linux-x86_64-fedora-clang | 2.4 | 61.71 | OK | |||
r-devel-linux-x86_64-fedora-gcc | 2.4 | 58.03 | OK | |||
r-devel-windows-x86_64 | 2.4 | 5.00 | 56.00 | 61.00 | OK | |
r-patched-linux-x86_64 | 2.4 | 4.47 | 34.01 | 38.48 | OK | |
r-release-linux-x86_64 | 2.4 | 3.08 | 33.45 | 36.53 | OK | |
r-release-macos-arm64 | 2.4 | 24.00 | OK | |||
r-release-macos-x86_64 | 2.4 | 42.00 | OK | |||
r-release-windows-x86_64 | 2.4 | 6.00 | 63.00 | 69.00 | OK | |
r-oldrel-macos-arm64 | 2.4 | 19.00 | OK | |||
r-oldrel-macos-x86_64 | 2.4 | 32.00 | OK | |||
r-oldrel-windows-x86_64 | 2.4 | 8.00 | 62.00 | 70.00 | OK |
Version: 2.4
Check: CRAN incoming feasibility
Result: NOTE
Maintainer: ‘Edgar Bueno <edgar.bueno@stat.su.se>’
No Authors@R field in DESCRIPTION.
Please add one, modifying
Authors@R: person(given = "Edgar",
family = "Bueno",
role = c("aut", "cre"),
email = "edgar.bueno@stat.su.se")
as necessary.
Flavors: r-devel-linux-x86_64-debian-clang, r-devel-linux-x86_64-debian-gcc