CRAN Package Check Results for Package oppr

Last updated on 2025-05-10 16:52:36 CEST.

Flavor Version Tinstall Tcheck Ttotal Status Flags
r-devel-linux-x86_64-debian-clang 1.0.4 151.98 152.77 304.75 NOTE
r-devel-linux-x86_64-debian-gcc 1.0.4 108.59 110.53 219.12 NOTE
r-devel-linux-x86_64-fedora-clang 1.0.4 618.67 NOTE
r-devel-linux-x86_64-fedora-gcc 1.0.4 567.91 NOTE
r-devel-windows-x86_64 1.0.4 174.00 196.00 370.00 NOTE
r-patched-linux-x86_64 1.0.4 153.44 144.18 297.62 NOTE
r-release-linux-x86_64 1.0.4 149.96 142.95 292.91 NOTE
r-release-macos-arm64 1.0.4 130.00 NOTE
r-release-macos-x86_64 1.0.4 209.00 NOTE
r-release-windows-x86_64 1.0.4 176.00 196.00 372.00 NOTE
r-oldrel-macos-arm64 1.0.4 131.00 NOTE
r-oldrel-macos-x86_64 1.0.4 144.00 NOTE
r-oldrel-windows-x86_64 1.0.4 214.00 246.00 460.00 NOTE

Check Details

Version: 1.0.4
Check: CRAN incoming feasibility
Result: NOTE Maintainer: ‘Jeffrey O Hanson <jeffrey.hanson@uqconnect.edu.au>’ Package CITATION file contains call(s) to old-style personList() or as.personList(). Please use c() on person objects instead. Package CITATION file contains call(s) to old-style citEntry(). Please use bibentry() instead. Flavors: r-devel-linux-x86_64-debian-clang, r-devel-linux-x86_64-debian-gcc

Version: 1.0.4
Check: C++ specification
Result: NOTE Specified C++11: please drop specification unless essential Flavors: r-devel-linux-x86_64-debian-clang, r-devel-linux-x86_64-debian-gcc, r-devel-linux-x86_64-fedora-clang, r-devel-linux-x86_64-fedora-gcc, r-devel-windows-x86_64, r-patched-linux-x86_64, r-release-linux-x86_64, r-release-macos-arm64, r-release-macos-x86_64, r-release-windows-x86_64, r-oldrel-macos-arm64, r-oldrel-macos-x86_64, r-oldrel-windows-x86_64

Version: 1.0.4
Check: Rd cross-references
Result: NOTE Found the following Rd file(s) with Rd \link{} targets missing package anchors: plot.ProjectProblem.Rd: ggplot plot_feature_persistence.Rd: ggplot Please provide package anchors for all Rd \link{} targets not in the package itself and the base packages. Flavors: r-devel-linux-x86_64-debian-clang, r-devel-linux-x86_64-debian-gcc, r-devel-windows-x86_64, r-patched-linux-x86_64, r-release-linux-x86_64, r-release-windows-x86_64

Version: 1.0.4
Check: package dependencies
Result: NOTE Package suggested but not available for checking: ‘gurobi’ Flavors: r-oldrel-macos-arm64, r-oldrel-macos-x86_64, r-oldrel-windows-x86_64

Version: 1.0.4
Check: installed package size
Result: NOTE installed size is 7.8Mb sub-directories of 1Mb or more: libs 6.2Mb Flavors: r-oldrel-macos-arm64, r-oldrel-macos-x86_64