CRAN Package Check Results for Package openFDA

Last updated on 2025-05-10 12:49:49 CEST.

Flavor Version Tinstall Tcheck Ttotal Status Flags
r-devel-linux-x86_64-debian-clang 0.1.0 1.77 29.98 31.75 NOTE
r-devel-linux-x86_64-debian-gcc 0.1.0 1.47 24.43 25.90 NOTE
r-devel-linux-x86_64-fedora-clang 0.1.0 50.39 NOTE
r-devel-linux-x86_64-fedora-gcc 0.1.0 62.40 NOTE
r-devel-windows-x86_64 0.1.0 3.00 55.00 58.00 NOTE
r-patched-linux-x86_64 0.1.0 1.57 27.75 29.32 NOTE
r-release-linux-x86_64 0.1.0 1.82 27.68 29.50 NOTE
r-release-macos-arm64 0.1.0 43.00 NOTE
r-release-macos-x86_64 0.1.0 61.00 NOTE
r-release-windows-x86_64 0.1.0 4.00 55.00 59.00 NOTE
r-oldrel-macos-arm64 0.1.0 36.00 OK
r-oldrel-macos-x86_64 0.1.0 59.00 OK
r-oldrel-windows-x86_64 0.1.0 4.00 64.00 68.00 OK

Check Details

Version: 0.1.0
Check: DESCRIPTION meta-information
Result: NOTE Missing dependency on R >= 4.1.0 because package code uses the pipe |> or function shorthand \(...) syntax added in R 4.1.0. File(s) using such syntax: ‘format_search_term.R’ ‘openFDA.R’ Flavors: r-devel-linux-x86_64-debian-clang, r-devel-linux-x86_64-debian-gcc, r-devel-linux-x86_64-fedora-clang, r-devel-linux-x86_64-fedora-gcc, r-devel-windows-x86_64, r-patched-linux-x86_64, r-release-linux-x86_64, r-release-macos-arm64, r-release-macos-x86_64, r-release-windows-x86_64