CRAN Package Check Results for Package ontoFAST

Last updated on 2025-07-28 09:50:09 CEST.

Flavor Version Tinstall Tcheck Ttotal Status Flags
r-devel-linux-x86_64-debian-clang 1.0.0 6.80 55.65 62.45 NOTE
r-devel-linux-x86_64-debian-gcc 1.0.0 5.18 41.04 46.22 NOTE
r-devel-linux-x86_64-fedora-clang 1.0.0 99.60 OK
r-devel-linux-x86_64-fedora-gcc 1.0.0 93.75 OK
r-devel-windows-x86_64 1.0.0 11.00 73.00 84.00 OK
r-patched-linux-x86_64 1.0.0 7.08 52.67 59.75 OK
r-release-linux-x86_64 1.0.0 7.22 52.15 59.37 OK
r-release-macos-arm64 1.0.0 32.00 OK
r-release-macos-x86_64 1.0.0 53.00 OK
r-release-windows-x86_64 1.0.0 8.00 75.00 83.00 OK
r-oldrel-macos-arm64 1.0.0 28.00 OK
r-oldrel-macos-x86_64 1.0.0 46.00 OK
r-oldrel-windows-x86_64 1.0.0 11.00 89.00 100.00 OK

Additional issues

donttest

Check Details

Version: 1.0.0
Check: CRAN incoming feasibility
Result: NOTE Maintainer: ‘Sergei Tarasov <sergei.tarasov@helsinki.fi>’ No Authors@R field in DESCRIPTION. Please add one, modifying Authors@R: person(given = "Sergei", family = "Tarasov", role = c("aut", "cre"), email = "sergei.tarasov@helsinki.fi") as necessary. Flavors: r-devel-linux-x86_64-debian-clang, r-devel-linux-x86_64-debian-gcc