Last updated on 2025-05-10 20:49:47 CEST.
Flavor | Version | Tinstall | Tcheck | Ttotal | Status | Flags |
---|---|---|---|---|---|---|
r-devel-linux-x86_64-debian-clang | 1.0 | 2.26 | 22.84 | 25.10 | NOTE | |
r-devel-linux-x86_64-debian-gcc | 1.0 | 1.72 | 18.89 | 20.61 | NOTE | |
r-devel-linux-x86_64-fedora-clang | 1.0 | 38.52 | OK | |||
r-devel-linux-x86_64-fedora-gcc | 1.0 | 38.53 | OK | |||
r-devel-windows-x86_64 | 1.0 | 3.00 | 43.00 | 46.00 | OK | |
r-patched-linux-x86_64 | 1.0 | 2.25 | 22.19 | 24.44 | OK | |
r-release-linux-x86_64 | 1.0 | 2.12 | 21.98 | 24.10 | OK | |
r-release-macos-arm64 | 1.0 | 18.00 | OK | |||
r-release-macos-x86_64 | 1.0 | 27.00 | OK | |||
r-release-windows-x86_64 | 1.0 | 5.00 | 45.00 | 50.00 | OK | |
r-oldrel-macos-arm64 | 1.0 | 17.00 | OK | |||
r-oldrel-macos-x86_64 | 1.0 | 33.00 | OK | |||
r-oldrel-windows-x86_64 | 1.0 | 3.00 | 49.00 | 52.00 | OK |
Version: 1.0
Check: CRAN incoming feasibility
Result: NOTE
Maintainer: ‘Jiebiao Wang <randel.wang@gmail.com>’
No Authors@R field in DESCRIPTION.
Please add one, modifying
Authors@R: c(person(given = "Jiebiao",
family = "Wang",
role = c("aut", "cre"),
email = "randel.wang@gmail.com"),
person(given = "Qianying",
family = "Liu",
role = "aut"),
person(given = c("Lin", "S."),
family = "Chen",
role = "aut"))
as necessary.
Flavors: r-devel-linux-x86_64-debian-clang, r-devel-linux-x86_64-debian-gcc