Last updated on 2025-05-10 16:52:36 CEST.
Flavor | Version | Tinstall | Tcheck | Ttotal | Status | Flags |
---|---|---|---|---|---|---|
r-devel-linux-x86_64-debian-clang | 1.0.0 | 15.23 | 124.53 | 139.76 | OK | |
r-devel-linux-x86_64-debian-gcc | 1.0.0 | 11.18 | 95.78 | 106.96 | OK | |
r-devel-linux-x86_64-fedora-clang | 1.0.0 | 212.73 | NOTE | |||
r-devel-linux-x86_64-fedora-gcc | 1.0.0 | 234.19 | NOTE | |||
r-devel-windows-x86_64 | 1.0.0 | 14.00 | 112.00 | 126.00 | OK | |
r-patched-linux-x86_64 | 1.0.0 | 13.58 | 115.20 | 128.78 | OK | |
r-release-linux-x86_64 | 1.0.0 | 12.94 | 116.56 | 129.50 | OK | |
r-release-macos-arm64 | 1.0.0 | 64.00 | OK | |||
r-release-macos-x86_64 | 1.0.0 | 117.00 | OK | |||
r-release-windows-x86_64 | 1.0.0 | 15.00 | 112.00 | 127.00 | OK | |
r-oldrel-macos-arm64 | 1.0.0 | 59.00 | NOTE | |||
r-oldrel-macos-x86_64 | 1.0.0 | 96.00 | NOTE | |||
r-oldrel-windows-x86_64 | 1.0.0 | 18.00 | 137.00 | 155.00 | NOTE |
Version: 1.0.0
Check: dependencies in R code
Result: NOTE
Namespaces in Imports field not imported from:
‘knitr’ ‘tibble’
All declared Imports should be used.
Flavors: r-devel-linux-x86_64-fedora-clang, r-devel-linux-x86_64-fedora-gcc
Version: 1.0.0
Check: LazyData
Result: NOTE
'LazyData' is specified without a 'data' directory
Flavors: r-oldrel-macos-arm64, r-oldrel-macos-x86_64, r-oldrel-windows-x86_64