Last updated on 2025-05-10 20:49:47 CEST.
Flavor | Version | Tinstall | Tcheck | Ttotal | Status | Flags |
---|---|---|---|---|---|---|
r-devel-linux-x86_64-debian-clang | 1.0.2 | 18.11 | 43.83 | 61.94 | OK | |
r-devel-linux-x86_64-debian-gcc | 1.0.2 | 14.59 | 35.66 | 50.25 | OK | |
r-devel-linux-x86_64-fedora-clang | 1.0.2 | 96.49 | OK | |||
r-devel-linux-x86_64-fedora-gcc | 1.0.2 | 100.95 | OK | |||
r-devel-windows-x86_64 | 1.0.2 | 17.00 | 57.00 | 74.00 | OK | |
r-patched-linux-x86_64 | 1.0.2 | 19.43 | 45.02 | 64.45 | OK | |
r-release-linux-x86_64 | 1.0.2 | 17.90 | 43.81 | 61.71 | OK | |
r-release-macos-arm64 | 1.0.2 | 46.00 | OK | |||
r-release-macos-x86_64 | 1.0.2 | 87.00 | OK | |||
r-release-windows-x86_64 | 1.0.2 | 18.00 | 58.00 | 76.00 | OK | |
r-oldrel-macos-arm64 | 1.0.2 | 40.00 | NOTE | |||
r-oldrel-macos-x86_64 | 1.0.2 | 59.00 | NOTE | |||
r-oldrel-windows-x86_64 | 1.0.2 | 26.00 | 72.00 | 98.00 | OK |
Version: 1.0.2
Check: installed package size
Result: NOTE
installed size is 5.2Mb
sub-directories of 1Mb or more:
data 5.1Mb
Flavors: r-oldrel-macos-arm64, r-oldrel-macos-x86_64