Last updated on 2025-05-10 20:49:47 CEST.
Flavor | Version | Tinstall | Tcheck | Ttotal | Status | Flags |
---|---|---|---|---|---|---|
r-devel-linux-x86_64-debian-clang | 2.0.0 | 4.30 | 39.41 | 43.71 | NOTE | |
r-devel-linux-x86_64-debian-gcc | 2.0.0 | 2.97 | 28.86 | 31.83 | NOTE | |
r-devel-linux-x86_64-fedora-clang | 2.0.0 | 70.52 | OK | |||
r-devel-linux-x86_64-fedora-gcc | 2.0.0 | 64.32 | OK | |||
r-devel-windows-x86_64 | 2.0.0 | 6.00 | 73.00 | 79.00 | NOTE | |
r-patched-linux-x86_64 | 2.0.0 | 4.66 | 37.79 | 42.45 | NOTE | |
r-release-linux-x86_64 | 2.0.0 | 4.02 | 37.65 | 41.67 | NOTE | |
r-release-macos-arm64 | 2.0.0 | 25.00 | OK | |||
r-release-macos-x86_64 | 2.0.0 | 47.00 | OK | |||
r-release-windows-x86_64 | 2.0.0 | 6.00 | 76.00 | 82.00 | NOTE | |
r-oldrel-macos-arm64 | 2.0.0 | 30.00 | OK | |||
r-oldrel-macos-x86_64 | 2.0.0 | 34.00 | OK | |||
r-oldrel-windows-x86_64 | 2.0.0 | 8.00 | 82.00 | 90.00 | OK |
Version: 2.0.0
Check: Rd cross-references
Result: NOTE
Found the following Rd file(s) with Rd \link{} targets missing package
anchors:
aligned.test.Rd: rfit
knn_cv.Rd: knn
Please provide package anchors for all Rd \link{} targets not in the
package itself and the base packages.
Flavors: r-devel-linux-x86_64-debian-clang, r-devel-linux-x86_64-debian-gcc, r-devel-windows-x86_64, r-patched-linux-x86_64, r-release-linux-x86_64, r-release-windows-x86_64