Last updated on 2025-07-22 09:50:39 CEST.
Flavor | Version | Tinstall | Tcheck | Ttotal | Status | Flags |
---|---|---|---|---|---|---|
r-devel-linux-x86_64-debian-clang | 0.0.7 | 4.63 | 124.31 | 128.94 | OK | |
r-devel-linux-x86_64-debian-gcc | 0.0.7 | 3.99 | 93.65 | 97.64 | OK | |
r-devel-linux-x86_64-fedora-clang | 0.0.7 | 140.43 | OK | |||
r-devel-linux-x86_64-fedora-gcc | 0.0.7 | 188.93 | OK | |||
r-devel-windows-x86_64 | 0.0.7 | 7.00 | 135.00 | 142.00 | OK | |
r-release-linux-x86_64 | 0.0.7 | 3.77 | 114.10 | 117.87 | OK | |
r-release-macos-arm64 | 0.0.7 | 210.00 | OK | |||
r-release-macos-x86_64 | 0.0.7 | 134.00 | OK | |||
r-release-windows-x86_64 | 0.0.7 | 7.00 | 133.00 | 140.00 | OK | |
r-oldrel-macos-arm64 | 0.0.7 | 119.00 | OK | |||
r-oldrel-macos-x86_64 | 0.0.7 | 134.00 | OK | |||
r-oldrel-windows-x86_64 | 0.0.7 | 9.00 | 159.00 | 168.00 | ERROR |
Version: 0.0.7
Check: re-building of vignette outputs
Result: ERROR
Error(s) in re-building vignettes:
--- re-building 'nomesbr.Rmd' using rmarkdown
File man/figures/ipea_logo.png not found in resource path
Error: processing vignette 'nomesbr.Rmd' failed with diagnostics:
pandoc document conversion failed with error 99
--- failed re-building 'nomesbr.Rmd'
SUMMARY: processing the following file failed:
'nomesbr.Rmd'
Error: Vignette re-building failed.
Execution halted
Flavor: r-oldrel-windows-x86_64