Last updated on 2025-05-10 20:49:47 CEST.
Flavor | Version | Tinstall | Tcheck | Ttotal | Status | Flags |
---|---|---|---|---|---|---|
r-devel-linux-x86_64-debian-clang | 1.0.2 | 22.78 | 203.34 | 226.12 | NOTE | |
r-devel-linux-x86_64-debian-gcc | 1.0.2 | 15.04 | 138.38 | 153.42 | NOTE | |
r-devel-linux-x86_64-fedora-clang | 1.0.2 | 377.13 | NOTE | |||
r-devel-linux-x86_64-fedora-gcc | 1.0.2 | 345.30 | NOTE | |||
r-devel-windows-x86_64 | 1.0.2 | 23.00 | 211.00 | 234.00 | NOTE | |
r-patched-linux-x86_64 | 1.0.2 | 20.32 | 189.38 | 209.70 | NOTE | |
r-release-linux-x86_64 | 1.0.2 | 20.75 | 189.09 | 209.84 | NOTE | |
r-release-macos-arm64 | 1.0.2 | 93.00 | NOTE | |||
r-release-macos-x86_64 | 1.0.2 | 173.00 | NOTE | |||
r-release-windows-x86_64 | 1.0.2 | 22.00 | 213.00 | 235.00 | NOTE | |
r-oldrel-macos-arm64 | 1.0.2 | 87.00 | NOTE | |||
r-oldrel-macos-x86_64 | 1.0.2 | 137.00 | NOTE | |||
r-oldrel-windows-x86_64 | 1.0.2 | 31.00 | 267.00 | 298.00 | NOTE |
Version: 1.0.2
Check: Rd files
Result: NOTE
checkRd: (-1) imp_int_an.Rd:24: Lost braces in \itemize; meant \describe ?
checkRd: (-1) imp_int_an.Rd:25: Lost braces in \itemize; meant \describe ?
checkRd: (-1) plot.ndmodel.Rd:16: Lost braces in \itemize; meant \describe ?
checkRd: (-1) plot.ndmodel.Rd:17: Lost braces in \itemize; meant \describe ?
checkRd: (-1) plot.ndmodel.Rd:18: Lost braces in \itemize; meant \describe ?
Flavors: r-devel-linux-x86_64-debian-clang, r-devel-linux-x86_64-debian-gcc, r-devel-linux-x86_64-fedora-clang, r-devel-linux-x86_64-fedora-gcc, r-devel-windows-x86_64, r-patched-linux-x86_64, r-release-linux-x86_64, r-release-macos-arm64, r-release-macos-x86_64, r-release-windows-x86_64, r-oldrel-macos-arm64, r-oldrel-macos-x86_64, r-oldrel-windows-x86_64