Last updated on 2025-05-10 12:49:49 CEST.
Flavor | Version | Tinstall | Tcheck | Ttotal | Status | Flags |
---|---|---|---|---|---|---|
r-devel-linux-x86_64-debian-clang | 0.2.0 | 3.06 | 36.04 | 39.10 | NOTE | |
r-devel-linux-x86_64-debian-gcc | 0.2.0 | 2.36 | 27.06 | 29.42 | NOTE | |
r-devel-linux-x86_64-fedora-clang | 0.2.0 | 63.72 | OK | |||
r-devel-linux-x86_64-fedora-gcc | 0.2.0 | 61.01 | OK | |||
r-devel-windows-x86_64 | 0.2.0 | 5.00 | 60.00 | 65.00 | OK | |
r-patched-linux-x86_64 | 0.2.0 | 3.34 | 34.45 | 37.79 | OK | |
r-release-linux-x86_64 | 0.2.0 | 3.18 | 34.63 | 37.81 | OK | |
r-release-macos-arm64 | 0.2.0 | 24.00 | OK | |||
r-release-macos-x86_64 | 0.2.0 | 41.00 | OK | |||
r-release-windows-x86_64 | 0.2.0 | 5.00 | 64.00 | 69.00 | OK | |
r-oldrel-macos-arm64 | 0.2.0 | 21.00 | OK | |||
r-oldrel-macos-x86_64 | 0.2.0 | 32.00 | OK | |||
r-oldrel-windows-x86_64 | 0.2.0 | 6.00 | 72.00 | 78.00 | OK |
Version: 0.2.0
Check: CRAN incoming feasibility
Result: NOTE
Maintainer: ‘Rafael Benitez <rabesua@uv.es>’
No Authors@R field in DESCRIPTION.
Please add one, modifying
Authors@R: c(person(given = "Mariano",
family = "Rodriguez-Arias",
role = "aut",
email = "arias@unex.es"),
person(given = c("Juan", "Antonio"),
family = "Fernandez",
role = "aut",
email = "jfernandck@alumnos.unex.es"),
person(given = "Javier",
family = "Cabello",
role = "aut",
email = "coco@unex.es"),
person(given = "Rafael",
family = "Benitez",
role = c("aut", "cre"),
email = "rabesua@uv.es"))
as necessary.
Flavors: r-devel-linux-x86_64-debian-clang, r-devel-linux-x86_64-debian-gcc