CRAN Package Check Results for Package nlmeVPC

Last updated on 2025-05-10 16:52:35 CEST.

Flavor Version Tinstall Tcheck Ttotal Status Flags
r-devel-linux-x86_64-debian-clang 2.6 28.45 239.52 267.97 NOTE
r-devel-linux-x86_64-debian-gcc 2.6 21.44 151.17 172.61 NOTE
r-devel-linux-x86_64-fedora-clang 2.6 436.34 NOTE
r-devel-linux-x86_64-fedora-gcc 2.6 441.69 NOTE
r-devel-windows-x86_64 2.6 36.00 232.00 268.00 NOTE
r-patched-linux-x86_64 2.6 27.35 225.22 252.57 NOTE
r-release-linux-x86_64 2.6 27.91 225.25 253.16 NOTE
r-release-macos-arm64 2.6 98.00 NOTE
r-release-macos-x86_64 2.6 207.00 NOTE
r-release-windows-x86_64 2.6 37.00 234.00 271.00 NOTE
r-oldrel-macos-arm64 2.6 97.00 NOTE
r-oldrel-macos-x86_64 2.6 153.00 NOTE
r-oldrel-windows-x86_64 2.6 45.00 320.00 365.00 NOTE

Check Details

Version: 2.6
Check: C++ specification
Result: NOTE Specified C++11: please drop specification unless essential Flavors: r-devel-linux-x86_64-debian-clang, r-devel-linux-x86_64-debian-gcc, r-devel-linux-x86_64-fedora-clang, r-devel-linux-x86_64-fedora-gcc, r-devel-windows-x86_64, r-patched-linux-x86_64, r-release-linux-x86_64, r-release-macos-arm64, r-release-macos-x86_64, r-release-windows-x86_64, r-oldrel-macos-arm64, r-oldrel-macos-x86_64, r-oldrel-windows-x86_64