Last updated on 2025-05-10 20:49:47 CEST.
Flavor | Version | Tinstall | Tcheck | Ttotal | Status | Flags |
---|---|---|---|---|---|---|
r-devel-linux-x86_64-debian-clang | 0.3.3 | 4.80 | 54.67 | 59.47 | NOTE | |
r-devel-linux-x86_64-debian-gcc | 0.3.3 | 3.42 | 39.82 | 43.24 | NOTE | |
r-devel-linux-x86_64-fedora-clang | 0.3.3 | 93.34 | OK | |||
r-devel-linux-x86_64-fedora-gcc | 0.3.3 | 93.14 | OK | |||
r-devel-windows-x86_64 | 0.3.3 | 7.00 | 85.00 | 92.00 | OK | |
r-patched-linux-x86_64 | 0.3.3 | 5.77 | 50.73 | 56.50 | OK | |
r-release-linux-x86_64 | 0.3.3 | 4.44 | 50.87 | 55.31 | OK | |
r-release-macos-arm64 | 0.3.3 | 33.00 | OK | |||
r-release-macos-x86_64 | 0.3.3 | 60.00 | OK | |||
r-release-windows-x86_64 | 0.3.3 | 6.00 | 88.00 | 94.00 | OK | |
r-oldrel-macos-arm64 | 0.3.3 | 28.00 | OK | |||
r-oldrel-macos-x86_64 | 0.3.3 | 55.00 | OK | |||
r-oldrel-windows-x86_64 | 0.3.3 | 8.00 | 100.00 | 108.00 | OK |
Version: 0.3.3
Check: CRAN incoming feasibility
Result: NOTE
Maintainer: ‘Joe Thorley <joe@poissonconsulting.ca>’
Package has help file(s) containing later-stage \Sexpr{} expressions
but no 'build/stage23.rdb' file.
Flavors: r-devel-linux-x86_64-debian-clang, r-devel-linux-x86_64-debian-gcc