CRAN Package Check Results for Package nivm

Last updated on 2025-05-10 20:49:47 CEST.

Flavor Version Tinstall Tcheck Ttotal Status Flags
r-devel-linux-x86_64-debian-clang 0.5 9.57 81.77 91.34 NOTE
r-devel-linux-x86_64-debian-gcc 0.5 7.18 57.38 64.56 NOTE
r-devel-linux-x86_64-fedora-clang 0.5 132.59 OK
r-devel-linux-x86_64-fedora-gcc 0.5 143.93 OK
r-devel-windows-x86_64 0.5 11.00 90.00 101.00 NOTE
r-patched-linux-x86_64 0.5 10.51 76.14 86.65 NOTE
r-release-linux-x86_64 0.5 9.31 76.40 85.71 NOTE
r-release-macos-arm64 0.5 37.00 OK
r-release-macos-x86_64 0.5 65.00 OK
r-release-windows-x86_64 0.5 11.00 90.00 101.00 NOTE
r-oldrel-macos-arm64 0.5 36.00 OK
r-oldrel-macos-x86_64 0.5 58.00 OK
r-oldrel-windows-x86_64 0.5 14.00 110.00 124.00 OK

Check Details

Version: 0.5
Check: CRAN incoming feasibility
Result: NOTE Maintainer: ‘Michael P. Fay <mfay@niaid.nih.gov>’ No Authors@R field in DESCRIPTION. Please add one, modifying Authors@R: person(given = c("Michael", "P."), family = "Fay", role = c("aut", "cre"), email = "mfay@niaid.nih.gov") as necessary. Flavors: r-devel-linux-x86_64-debian-clang, r-devel-linux-x86_64-debian-gcc

Version: 0.5
Check: Rd cross-references
Result: NOTE Found the following Rd file(s) with Rd \link{} targets missing package anchors: nicqControl.Rd: bpcp, quantile.kmciLR nicqTest.Rd: bpcp, quantile.kmciLR powerNicqTest.Rd: uniroot.integer Please provide package anchors for all Rd \link{} targets not in the package itself and the base packages. Flavors: r-devel-linux-x86_64-debian-clang, r-devel-linux-x86_64-debian-gcc, r-devel-windows-x86_64, r-patched-linux-x86_64, r-release-linux-x86_64, r-release-windows-x86_64