Last updated on 2024-05-19 12:53:53 CEST.
Flavor | Version | Tinstall | Tcheck | Ttotal | Status | Flags |
---|---|---|---|---|---|---|
r-devel-linux-x86_64-debian-clang | 0.2.0 | 4.13 | 37.96 | 42.09 | NOTE | |
r-devel-linux-x86_64-debian-gcc | 0.2.0 | 3.00 | 28.21 | 31.21 | NOTE | |
r-devel-linux-x86_64-fedora-clang | 0.2.0 | 50.69 | NOTE | |||
r-devel-linux-x86_64-fedora-gcc | 0.2.0 | 98.84 | NOTE | |||
r-devel-windows-x86_64 | 0.2.0 | 3.00 | 55.00 | 58.00 | NOTE | |
r-patched-linux-x86_64 | 0.2.0 | 3.77 | 35.72 | 39.49 | NOTE | |
r-release-linux-x86_64 | 0.2.0 | 3.39 | 35.24 | 38.63 | NOTE | |
r-release-macos-arm64 | 0.2.0 | 21.00 | NOTE | |||
r-release-windows-x86_64 | 0.2.0 | 4.00 | 54.00 | 58.00 | NOTE | |
r-oldrel-macos-arm64 | 0.2.0 | 20.00 | NOTE | |||
r-oldrel-macos-x86_64 | 0.2.0 | 25.00 | NOTE | |||
r-oldrel-windows-x86_64 | 0.2.0 | 5.00 | 56.00 | 61.00 | NOTE |
Version: 0.2.0
Check: LazyData
Result: NOTE
'LazyData' is specified without a 'data' directory
Flavors: r-devel-linux-x86_64-debian-clang, r-devel-linux-x86_64-debian-gcc, r-devel-linux-x86_64-fedora-clang, r-devel-linux-x86_64-fedora-gcc, r-devel-windows-x86_64, r-patched-linux-x86_64, r-release-linux-x86_64, r-release-macos-arm64, r-release-windows-x86_64, r-oldrel-macos-arm64, r-oldrel-macos-x86_64, r-oldrel-windows-x86_64