Last updated on 2025-11-06 19:50:13 CET.
| Flavor | Version | Tinstall | Tcheck | Ttotal | Status | Flags |
|---|---|---|---|---|---|---|
| r-devel-linux-x86_64-debian-clang | 2.0.1 | 8.39 | 75.90 | 84.29 | NOTE | |
| r-devel-linux-x86_64-debian-gcc | 2.0.1 | 5.55 | 51.07 | 56.62 | NOTE | |
| r-devel-linux-x86_64-fedora-clang | 2.0.1 | 67.00 | 69.05 | 136.05 | NOTE | |
| r-devel-linux-x86_64-fedora-gcc | 2.0.1 | 50.00 | 77.88 | 127.88 | NOTE | |
| r-devel-windows-x86_64 | 2.0.1 | 10.00 | 88.00 | 98.00 | NOTE | |
| r-patched-linux-x86_64 | 2.0.1 | 9.43 | 67.09 | 76.52 | OK | |
| r-release-linux-x86_64 | 2.0.1 | 6.72 | 67.43 | 74.15 | OK | |
| r-release-macos-arm64 | 2.0.1 | 4.00 | 44.00 | 48.00 | OK | |
| r-release-macos-x86_64 | 2.0.1 | 8.00 | 60.00 | 68.00 | OK | |
| r-release-windows-x86_64 | 2.0.1 | 10.00 | 90.00 | 100.00 | OK | |
| r-oldrel-macos-arm64 | 2.0.1 | 4.00 | 40.00 | 44.00 | OK | |
| r-oldrel-macos-x86_64 | 2.0.1 | 8.00 | 65.00 | 73.00 | OK | |
| r-oldrel-windows-x86_64 | 2.0.1 | 16.00 | 104.00 | 120.00 | OK |
Version: 2.0.1
Check: Rd files
Result: NOTE
checkRd: (-1) nfl_standings_prettify.Rd:37: height/width attributes should be in pixels
checkRd: (-1) nfl_standings_prettify.Rd:38: height/width attributes should be in pixels
checkRd: (-1) summary.nflseedR_simulation.Rd:20: height/width attributes should be in pixels
Flavors: r-devel-linux-x86_64-debian-clang, r-devel-linux-x86_64-debian-gcc, r-devel-linux-x86_64-fedora-clang, r-devel-linux-x86_64-fedora-gcc, r-devel-windows-x86_64