Last updated on 2025-07-24 05:49:19 CEST.
Flavor | Version | Tinstall | Tcheck | Ttotal | Status | Flags |
---|---|---|---|---|---|---|
r-devel-linux-x86_64-debian-clang | 0.0.6 | 32.33 | 152.21 | 184.54 | NOTE | |
r-devel-linux-x86_64-debian-gcc | 0.0.6 | 21.83 | 110.90 | 132.73 | NOTE | |
r-devel-linux-x86_64-fedora-clang | 0.0.6 | 308.17 | NOTE | |||
r-devel-linux-x86_64-fedora-gcc | 0.0.6 | 287.91 | NOTE | |||
r-devel-windows-x86_64 | 0.0.6 | 35.00 | 196.00 | 231.00 | OK | |
r-patched-linux-x86_64 | 0.0.6 | 29.73 | 142.63 | 172.36 | OK | |
r-release-linux-x86_64 | 0.0.6 | 28.69 | 143.29 | 171.98 | OK | |
r-release-macos-arm64 | 0.0.6 | 94.00 | OK | |||
r-release-macos-x86_64 | 0.0.6 | 272.00 | OK | |||
r-release-windows-x86_64 | 0.0.6 | 35.00 | 201.00 | 236.00 | OK | |
r-oldrel-macos-arm64 | 0.0.6 | 85.00 | OK | |||
r-oldrel-macos-x86_64 | 0.0.6 | 248.00 | OK | |||
r-oldrel-windows-x86_64 | 0.0.6 | 46.00 | 239.00 | 285.00 | OK |
Version: 0.0.6
Check: CRAN incoming feasibility
Result: NOTE
Maintainer: ‘Bradley Buchsbaum <brad.buchsbaum@gmail.com>’
No Authors@R field in DESCRIPTION.
Please add one, modifying
Authors@R: c(person(given = c("Bradley", "R."),
family = "Buchsbaum",
role = "aut"),
person(given = "Bradley",
family = "Buchsbaum",
role = "cre",
email = "brad.buchsbaum@gmail.com"))
as necessary.
Flavors: r-devel-linux-x86_64-debian-clang, r-devel-linux-x86_64-debian-gcc
Version: 0.0.6
Check: compiled code
Result: NOTE
File ‘neuroim/libs/neuroim.so’:
Found no calls to: ‘R_registerRoutines’, ‘R_useDynamicSymbols’
It is good practice to register native routines and to disable symbol
search.
See ‘Writing portable packages’ in the ‘Writing R Extensions’ manual.
Flavors: r-devel-linux-x86_64-fedora-clang, r-devel-linux-x86_64-fedora-gcc