Last updated on 2025-07-27 01:48:28 CEST.
Flavor | Version | Tinstall | Tcheck | Ttotal | Status | Flags |
---|---|---|---|---|---|---|
r-devel-linux-x86_64-debian-clang | 1.14.3 | 10.60 | 126.79 | 137.39 | NOTE | |
r-devel-linux-x86_64-debian-gcc | 1.14.3 | 7.59 | 101.59 | 109.18 | NOTE | |
r-devel-linux-x86_64-fedora-clang | 1.14.3 | 219.56 | OK | |||
r-devel-linux-x86_64-fedora-gcc | 1.14.3 | 198.94 | OK | |||
r-devel-windows-x86_64 | 1.14.3 | 11.00 | 151.00 | 162.00 | NOTE | |
r-patched-linux-x86_64 | 1.14.3 | 10.20 | 120.99 | 131.19 | NOTE | |
r-release-linux-x86_64 | 1.14.3 | 11.04 | 121.87 | 132.91 | NOTE | |
r-release-macos-arm64 | 1.14.3 | 65.00 | OK | |||
r-release-macos-x86_64 | 1.14.3 | 124.00 | OK | |||
r-release-windows-x86_64 | 1.14.3 | 12.00 | 135.00 | 147.00 | NOTE | |
r-oldrel-macos-arm64 | 1.14.3 | 60.00 | OK | |||
r-oldrel-macos-x86_64 | 1.14.3 | 124.00 | OK | |||
r-oldrel-windows-x86_64 | 1.14.3 | 16.00 | 180.00 | 196.00 | OK |
Version: 1.14.3
Check: Rd cross-references
Result: NOTE
Found the following Rd file(s) with Rd \link{} targets missing package
anchors:
plot.select.Rd: select
Please provide package anchors for all Rd \link{} targets not in the
package itself and the base packages.
Flavors: r-devel-linux-x86_64-debian-clang, r-devel-linux-x86_64-debian-gcc, r-devel-windows-x86_64, r-patched-linux-x86_64, r-release-linux-x86_64, r-release-windows-x86_64