CRAN Package Check Results for Package neighbr

Last updated on 2025-07-26 01:50:57 CEST.

Flavor Version Tinstall Tcheck Ttotal Status Flags
r-devel-linux-x86_64-debian-clang 1.0.3 1.95 31.45 33.40 OK
r-devel-linux-x86_64-debian-gcc 1.0.3 1.48 23.10 24.58 OK
r-devel-linux-x86_64-fedora-clang 1.0.3 55.22 OK
r-devel-linux-x86_64-fedora-gcc 1.0.3 65.03 OK
r-devel-windows-x86_64 1.0.3 3.00 55.00 58.00 OK
r-patched-linux-x86_64 1.0.3 2.05 28.70 30.75 OK
r-release-linux-x86_64 1.0.3 1.94 29.52 31.46 OK
r-release-macos-arm64 1.0.3 27.00 OK
r-release-macos-x86_64 1.0.3 52.00 OK
r-release-windows-x86_64 1.0.3 2.00 51.00 53.00 OK
r-oldrel-macos-arm64 1.0.3 24.00 NOTE
r-oldrel-macos-x86_64 1.0.3 45.00 NOTE
r-oldrel-windows-x86_64 1.0.3 3.00 59.00 62.00 NOTE

Check Details

Version: 1.0.3
Check: LazyData
Result: NOTE 'LazyData' is specified without a 'data' directory Flavors: r-oldrel-macos-arm64, r-oldrel-macos-x86_64, r-oldrel-windows-x86_64