Last updated on 2025-05-10 12:49:48 CEST.
Flavor | Version | Tinstall | Tcheck | Ttotal | Status | Flags |
---|---|---|---|---|---|---|
r-devel-linux-x86_64-debian-clang | 2.1.0 | 8.85 | 81.31 | 90.16 | OK | |
r-devel-linux-x86_64-debian-gcc | 2.1.0 | 6.57 | 56.49 | 63.06 | OK | |
r-devel-linux-x86_64-fedora-clang | 2.1.0 | 136.02 | OK | |||
r-devel-linux-x86_64-fedora-gcc | 2.1.0 | 135.69 | OK | |||
r-devel-windows-x86_64 | 2.1.0 | 10.00 | 88.00 | 98.00 | OK | |
r-patched-linux-x86_64 | 2.1.0 | 9.76 | 75.10 | 84.86 | OK | |
r-release-linux-x86_64 | 2.1.0 | 8.77 | 74.85 | 83.62 | OK | |
r-release-macos-arm64 | 2.1.0 | 66.00 | OK | |||
r-release-macos-x86_64 | 2.1.0 | 97.00 | OK | |||
r-release-windows-x86_64 | 2.1.0 | 11.00 | 90.00 | 101.00 | OK | |
r-oldrel-macos-arm64 | 2.1.0 | 40.00 | NOTE | |||
r-oldrel-macos-x86_64 | 2.1.0 | 57.00 | NOTE | |||
r-oldrel-windows-x86_64 | 2.1.0 | 13.00 | 113.00 | 126.00 | NOTE |
Version: 2.1.0
Check: installed package size
Result: NOTE
installed size is 6.3Mb
Flavors: r-oldrel-macos-arm64, r-oldrel-macos-x86_64, r-oldrel-windows-x86_64